Last updated on 2024-05-04 08:51:16 CEST.
Flavor | Version | Tinstall | Tcheck | Ttotal | Status | Flags |
---|---|---|---|---|---|---|
r-devel-linux-x86_64-debian-clang | 0.9 | 0.40 | 2.24 | 2.64 | ERROR | |
r-devel-linux-x86_64-debian-gcc | 0.9 | 1.97 | 28.67 | 30.64 | OK | |
r-devel-linux-x86_64-fedora-clang | 0.9 | 54.26 | NOTE | |||
r-devel-linux-x86_64-fedora-gcc | 0.9 | 60.06 | NOTE | |||
r-devel-windows-x86_64 | 0.9 | 5.00 | 182.00 | 187.00 | OK | |
r-patched-linux-x86_64 | 0.9 | 2.02 | 33.10 | 35.12 | ERROR | |
r-release-linux-x86_64 | 0.9 | 1.57 | 36.08 | 37.65 | OK | |
r-release-macos-arm64 | 0.9 | 35.00 | OK | |||
r-release-macos-x86_64 | 0.9 | 51.00 | OK | |||
r-release-windows-x86_64 | 0.9 | 4.00 | 116.00 | 120.00 | OK | |
r-oldrel-macos-arm64 | 0.9 | 8.00 | ERROR | |||
r-oldrel-macos-x86_64 | 0.9 | 43.00 | OK | |||
r-oldrel-windows-x86_64 | 0.9 | 4.00 | 128.00 | 132.00 | OK |
Version: 0.9
Check: package dependencies
Result: ERROR
Package required but not available: ‘annotate’
See section ‘The DESCRIPTION file’ in the ‘Writing R Extensions’
manual.
Flavor: r-devel-linux-x86_64-debian-clang
Version: 0.9
Check: dependencies in R code
Result: NOTE
Namespaces in Imports field not imported from:
‘BiocManager’ ‘R.utils’ ‘markdown’
All declared Imports should be used.
Flavors: r-devel-linux-x86_64-fedora-clang, r-devel-linux-x86_64-fedora-gcc
Version: 0.9
Check: examples
Result: ERROR
Running examples in ‘geneExpressionFromGEO-Ex.R’ failed
The error most likely occurred in:
> base::assign(".ptime", proc.time(), pos = "CheckExEnv")
> ### Name: getGeneExpressionFromGEO
> ### Title: Function that reads in the GEO code of a dataset, and returns
> ### the gene expression dataframe.
> ### Aliases: getGeneExpressionFromGEO
>
> ### ** Examples
>
> geneExpressionDF1 <- getGeneExpressionFromGEO("GSE3268", FALSE, FALSE)
Error in open.connection(x, "rb") :
Timeout was reached: [ftp.ncbi.nlm.nih.gov] SSL connection timeout
Calls: getGeneExpressionFromGEO -> <Anonymous> -> read_html.default
Execution halted
Flavor: r-patched-linux-x86_64
Version: 0.9
Check: package dependencies
Result: ERROR
Package required but not available: ‘GEOquery’
See section ‘The DESCRIPTION file’ in the ‘Writing R Extensions’
manual.
Flavor: r-oldrel-macos-arm64