Last updated on 2024-05-05 09:55:05 CEST.
Flavor | Version | Tinstall | Tcheck | Ttotal | Status | Flags |
---|---|---|---|---|---|---|
r-devel-linux-x86_64-debian-clang | 0.4.0 | 20.84 | 190.41 | 211.25 | OK | |
r-devel-linux-x86_64-debian-gcc | 0.4.0 | 15.82 | 141.19 | 157.01 | OK | |
r-devel-linux-x86_64-fedora-clang | 0.4.0 | 283.48 | NOTE | |||
r-devel-linux-x86_64-fedora-gcc | 0.4.0 | 291.84 | NOTE | |||
r-devel-windows-x86_64 | 0.4.0 | 18.00 | 139.00 | 157.00 | OK | |
r-patched-linux-x86_64 | 0.4.0 | 17.70 | 183.10 | 200.80 | OK | |
r-release-linux-x86_64 | 0.4.0 | 17.37 | 180.12 | 197.49 | OK | |
r-release-macos-arm64 | 0.4.0 | 72.00 | OK | |||
r-release-macos-x86_64 | 0.4.0 | 140.00 | OK | |||
r-release-windows-x86_64 | 0.4.0 | 20.00 | 141.00 | 161.00 | OK | |
r-oldrel-macos-arm64 | 0.4.0 | 78.00 | OK | |||
r-oldrel-macos-x86_64 | 0.4.0 | 129.00 | OK | |||
r-oldrel-windows-x86_64 | 0.4.0 | 25.00 | 178.00 | 203.00 | OK |
Version: 0.4.0
Check: dependencies in R code
Result: NOTE
Namespaces in Imports field not imported from:
‘GGEBiplots’ ‘calibrate’ ‘graphics’ ‘matrixStats’ ‘prettydoc’
‘reshape2’
All declared Imports should be used.
Flavors: r-devel-linux-x86_64-fedora-clang, r-devel-linux-x86_64-fedora-gcc