CRAN Package Check Results for Package geneticae

Last updated on 2024-02-27 00:59:17 CET.

Flavor Version Tinstall Tcheck Ttotal Status Flags
r-devel-linux-x86_64-debian-clang 0.4.0 19.00 185.96 204.96 OK
r-devel-linux-x86_64-debian-gcc 0.4.0 16.65 140.77 157.42 OK
r-devel-linux-x86_64-fedora-clang 0.4.0 266.02 NOTE
r-devel-linux-x86_64-fedora-gcc 0.4.0 260.70 NOTE
r-devel-windows-x86_64 0.4.0 18.00 143.00 161.00 OK
r-patched-linux-x86_64 0.4.0 20.35 179.23 199.58 OK
r-release-linux-x86_64 0.4.0 20.28 184.07 204.35 OK
r-release-macos-arm64 0.4.0 78.00 OK
r-release-macos-x86_64 0.4.0 129.00 OK
r-release-windows-x86_64 0.4.0 24.00 186.00 210.00 OK
r-oldrel-macos-arm64 0.4.0 37.00 NOTE
r-oldrel-windows-x86_64 0.4.0 25.00 180.00 205.00 OK

Check Details

Version: 0.4.0
Check: dependencies in R code
Result: NOTE Namespaces in Imports field not imported from: ‘GGEBiplots’ ‘calibrate’ ‘graphics’ ‘matrixStats’ ‘prettydoc’ ‘reshape2’ All declared Imports should be used. Flavors: r-devel-linux-x86_64-fedora-clang, r-devel-linux-x86_64-fedora-gcc, r-oldrel-macos-arm64