Last updated on 2024-05-04 08:51:16 CEST.
Flavor | Version | Tinstall | Tcheck | Ttotal | Status | Flags |
---|---|---|---|---|---|---|
r-devel-linux-x86_64-debian-clang | 0.8.11 | 8.91 | 96.29 | 105.20 | NOTE | |
r-devel-linux-x86_64-debian-gcc | 0.8.11 | 5.57 | 69.80 | 75.37 | NOTE | |
r-devel-linux-x86_64-fedora-clang | 0.8.11 | 137.21 | NOTE | |||
r-devel-linux-x86_64-fedora-gcc | 0.8.11 | 135.52 | NOTE | |||
r-devel-windows-x86_64 | 0.8.11 | 7.00 | 98.00 | 105.00 | NOTE | |
r-patched-linux-x86_64 | 0.8.11 | 8.13 | 92.96 | 101.09 | NOTE | |
r-release-linux-x86_64 | 0.8.11 | 7.95 | 90.11 | 98.06 | NOTE | |
r-release-macos-arm64 | 0.8.11 | 42.00 | NOTE | |||
r-release-windows-x86_64 | 0.8.11 | 7.00 | 100.00 | 107.00 | NOTE | |
r-oldrel-macos-arm64 | 0.8.11 | 49.00 | OK | |||
r-oldrel-macos-x86_64 | 0.8.11 | 80.00 | OK | |||
r-oldrel-windows-x86_64 | 0.8.11 | 8.00 | 109.00 | 117.00 | OK |
Version: 0.8.11
Check: Rd files
Result: NOTE
checkRd: (-1) barto.Rd:15-18: Lost braces in \itemize; meant \describe ?
checkRd: (-1) barto.Rd:19-22: Lost braces in \itemize; meant \describe ?
checkRd: (-1) barto.Rd:23-26: Lost braces in \itemize; meant \describe ?
checkRd: (-1) chrY_subseg.Rd:16-17: Lost braces in \itemize; meant \describe ?
checkRd: (-1) chrY_subseg.Rd:18-19: Lost braces in \itemize; meant \describe ?
checkRd: (-1) mauve_bbone.Rd:16-17: Lost braces in \itemize; meant \describe ?
checkRd: (-1) mauve_bbone.Rd:18-19: Lost braces in \itemize; meant \describe ?
checkRd: (-1) three_genes.Rd:17-18: Lost braces in \itemize; meant \describe ?
checkRd: (-1) three_genes.Rd:19-20: Lost braces in \itemize; meant \describe ?
Flavors: r-devel-linux-x86_64-debian-clang, r-devel-linux-x86_64-debian-gcc, r-devel-linux-x86_64-fedora-clang, r-devel-linux-x86_64-fedora-gcc, r-devel-windows-x86_64, r-patched-linux-x86_64, r-release-linux-x86_64, r-release-macos-arm64, r-release-windows-x86_64