CRAN Package Check Results for Package genpwr

Last updated on 2024-02-26 00:50:47 CET.

Flavor Version Tinstall Tcheck Ttotal Status Flags
r-devel-linux-x86_64-debian-clang 1.0.4 17.15 235.78 252.93 NOTE
r-devel-linux-x86_64-debian-gcc 1.0.4 13.40 167.15 180.55 NOTE
r-devel-linux-x86_64-fedora-clang 1.0.4 301.05 NOTE
r-devel-linux-x86_64-fedora-gcc 1.0.4 305.93 NOTE
r-devel-windows-x86_64 1.0.4 16.00 191.00 207.00 NOTE
r-patched-linux-x86_64 1.0.4 16.74 229.58 246.32 NOTE
r-release-linux-x86_64 1.0.4 15.87 229.71 245.58 NOTE
r-release-macos-arm64 1.0.4 88.00 NOTE
r-release-macos-x86_64 1.0.4 145.00 NOTE
r-release-windows-x86_64 1.0.4 21.00 245.00 266.00 NOTE
r-oldrel-macos-arm64 1.0.4 70.00 OK
r-oldrel-windows-x86_64 1.0.4 19.00 234.00 253.00 OK

Check Details

Version: 1.0.4
Check: package subdirectories
Result: NOTE Problems with news in ‘NEWS.md’: No news entries found. Flavors: r-devel-linux-x86_64-debian-clang, r-devel-linux-x86_64-debian-gcc, r-devel-linux-x86_64-fedora-clang, r-devel-linux-x86_64-fedora-gcc, r-devel-windows-x86_64, r-patched-linux-x86_64, r-release-linux-x86_64, r-release-macos-arm64, r-release-macos-x86_64, r-release-windows-x86_64