CRAN Package Check Results for Package geoFourierFDA

Last updated on 2024-02-28 16:50:34 CET.

Flavor Version Tinstall Tcheck Ttotal Status Flags
r-devel-linux-x86_64-debian-clang 0.1.0 26.27 36.18 62.45 NOTE
r-devel-linux-x86_64-debian-gcc 0.1.0 23.14 27.87 51.01 NOTE
r-devel-linux-x86_64-fedora-clang 0.1.0 95.61 NOTE
r-devel-linux-x86_64-fedora-gcc 0.1.0 91.93 NOTE
r-devel-windows-x86_64 0.1.0 26.00 71.00 97.00 NOTE
r-patched-linux-x86_64 0.1.0 32.94 35.97 68.91 NOTE
r-release-linux-x86_64 0.1.0 31.03 35.51 66.54 NOTE
r-release-macos-arm64 0.1.0 28.00 NOTE
r-release-macos-x86_64 0.1.0 43.00 NOTE
r-release-windows-x86_64 0.1.0 32.00 77.00 109.00 NOTE
r-oldrel-macos-arm64 0.1.0 31.00 OK
r-oldrel-windows-x86_64 0.1.0 31.00 74.00 105.00 OK

Check Details

Version: 0.1.0
Check: C++ specification
Result: NOTE Specified C++11: please drop specification unless essential Flavors: r-devel-linux-x86_64-debian-clang, r-devel-linux-x86_64-debian-gcc, r-devel-linux-x86_64-fedora-clang, r-devel-linux-x86_64-fedora-gcc, r-devel-windows-x86_64, r-patched-linux-x86_64, r-release-linux-x86_64, r-release-macos-arm64, r-release-macos-x86_64, r-release-windows-x86_64