CRAN Package Check Results for Package geodimension

Last updated on 2024-03-03 01:00:44 CET.

Flavor Version Tinstall Tcheck Ttotal Status Flags
r-devel-linux-x86_64-debian-clang 2.0.0 10.17 134.97 145.14 OK
r-devel-linux-x86_64-debian-gcc 2.0.0 8.78 97.50 106.28 OK
r-devel-linux-x86_64-fedora-clang 2.0.0 178.72 NOTE
r-devel-linux-x86_64-fedora-gcc 2.0.0 186.60 NOTE
r-devel-windows-x86_64 2.0.0 13.00 119.00 132.00 OK
r-patched-linux-x86_64 2.0.0 10.30 131.11 141.41 OK
r-release-linux-x86_64 2.0.0 10.83 127.07 137.90 OK
r-release-macos-arm64 2.0.0 71.00 OK
r-release-macos-x86_64 2.0.0 134.00 OK
r-release-windows-x86_64 2.0.0 15.00 143.00 158.00 OK
r-oldrel-macos-arm64 2.0.0 70.00 OK
r-oldrel-windows-x86_64 2.0.0 16.00 143.00 159.00 OK

Check Details

Version: 2.0.0
Check: data for non-ASCII characters
Result: NOTE Note: found 4828 marked UTF-8 strings Flavors: r-devel-linux-x86_64-fedora-clang, r-devel-linux-x86_64-fedora-gcc