Last updated on 2023-12-04 00:52:42 CET.
Flavor | Version | Tinstall | Tcheck | Ttotal | Status | Flags |
---|---|---|---|---|---|---|
r-devel-linux-x86_64-debian-clang | 1.0.10 | 9.76 | 188.01 | 197.77 | OK | |
r-devel-linux-x86_64-debian-gcc | 1.0.10 | 8.08 | 141.94 | 150.02 | OK | |
r-devel-linux-x86_64-fedora-clang | 1.0.10 | 242.85 | NOTE | |||
r-devel-linux-x86_64-fedora-gcc | 1.0.10 | 256.92 | NOTE | |||
r-devel-windows-x86_64 | 1.0.10 | 12.00 | 212.00 | 224.00 | OK | |
r-patched-linux-x86_64 | 1.0.10 | 9.63 | 156.33 | 165.96 | ERROR | |
r-release-linux-x86_64 | 1.0.10 | 8.60 | 176.09 | 184.69 | OK | |
r-release-macos-arm64 | 1.0.10 | 170.00 | OK | |||
r-release-macos-x86_64 | 1.0.10 | 220.00 | OK | |||
r-release-windows-x86_64 | 1.0.10 | 15.00 | 246.00 | 261.00 | OK | |
r-oldrel-macos-arm64 | 1.0.10 | 248.00 | OK | |||
r-oldrel-macos-x86_64 | 1.0.9 | 247.00 | OK | |||
r-oldrel-windows-x86_64 | 1.0.10 | 15.00 | 253.00 | 268.00 | OK |
Version: 1.0.10
Check: data for non-ASCII characters
Result: NOTE
Note: found 87001 marked UTF-8 strings
Flavors: r-devel-linux-x86_64-fedora-clang, r-devel-linux-x86_64-fedora-gcc
Version: 1.0.10
Check: package dependencies
Result: NOTE
Package suggested but not available for checking: ‘geofacet’
Flavor: r-patched-linux-x86_64
Version: 1.0.10
Check: re-building of vignette outputs
Result: ERROR
Error(s) in re-building vignettes:
...
--- re-building ‘geofi_datasets.Rmd’ using rmarkdown
Quitting from lines 90-92 [municipality_map] (geofi_datasets.Rmd)
Error: processing vignette 'geofi_datasets.Rmd' failed with diagnostics:
could not find function "get_municipalities"
--- failed re-building ‘geofi_datasets.Rmd’
--- re-building ‘geofi_joining_attribute_data.Rmd’ using rmarkdown
--- finished re-building ‘geofi_joining_attribute_data.Rmd’
--- re-building ‘geofi_making_maps.Rmd’ using rmarkdown
--- finished re-building ‘geofi_making_maps.Rmd’
--- re-building ‘geofi_spatial_analysis.Rmd’ using rmarkdown
--- finished re-building ‘geofi_spatial_analysis.Rmd’
SUMMARY: processing the following file failed:
‘geofi_datasets.Rmd’
Error: Vignette re-building failed.
Execution halted
Flavor: r-patched-linux-x86_64