CRAN Package Check Results for Package geojsonsf

Last updated on 2024-03-02 00:53:26 CET.

Flavor Version Tinstall Tcheck Ttotal Status Flags
r-devel-linux-x86_64-debian-clang 2.0.3 94.24 36.72 130.96 NOTE
r-devel-linux-x86_64-debian-gcc 2.0.3 74.10 28.18 102.28 NOTE
r-devel-linux-x86_64-fedora-clang 2.0.3 196.75 NOTE
r-devel-linux-x86_64-fedora-gcc 2.0.3 206.36 NOTE
r-devel-windows-x86_64 2.0.3 70.00 75.00 145.00 NOTE
r-patched-linux-x86_64 2.0.3 88.30 35.97 124.27 NOTE
r-release-linux-x86_64 2.0.3 91.29 35.21 126.50 NOTE
r-release-macos-arm64 2.0.3 64.00 NOTE
r-release-macos-x86_64 2.0.3 96.00 NOTE
r-release-windows-x86_64 2.0.3 90.00 84.00 174.00 NOTE
r-oldrel-macos-arm64 2.0.3 48.00 NOTE
r-oldrel-windows-x86_64 2.0.3 86.00 81.00 167.00 OK

Check Details

Version: 2.0.3
Check: C++ specification
Result: NOTE Specified C++11: please drop specification unless essential Flavors: r-devel-linux-x86_64-debian-clang, r-devel-linux-x86_64-debian-gcc, r-devel-linux-x86_64-fedora-clang, r-devel-linux-x86_64-fedora-gcc, r-devel-windows-x86_64, r-patched-linux-x86_64, r-release-linux-x86_64, r-release-macos-arm64, r-release-macos-x86_64, r-release-windows-x86_64

Version: 2.0.3
Check: installed package size
Result: NOTE installed size is 6.7Mb sub-directories of 1Mb or more: help 1.3Mb libs 4.6Mb Flavors: r-release-macos-arm64, r-release-macos-x86_64, r-oldrel-macos-arm64