CRAN Package Check Results for Package ggESDA

Last updated on 2024-02-24 08:49:37 CET.

Flavor Version Tinstall Tcheck Ttotal Status Flags
r-devel-linux-x86_64-debian-clang 0.2.0 27.08 257.22 284.30 OK
r-devel-linux-x86_64-debian-gcc 0.2.0 29.69 234.59 264.28 OK
r-devel-linux-x86_64-fedora-clang 0.2.0 349.97 OK
r-devel-linux-x86_64-fedora-gcc 0.2.0 354.24 OK
r-devel-windows-x86_64 0.2.0 25.00 195.00 220.00 OK
r-patched-linux-x86_64 0.2.0 25.91 252.23 278.14 OK
r-release-linux-x86_64 0.2.0 27.86 252.04 279.90 OK
r-release-macos-arm64 0.2.0 72.00 ERROR
r-release-macos-x86_64 0.2.0 173.00 ERROR
r-release-windows-x86_64 0.2.0 33.00 264.00 297.00 OK
r-oldrel-macos-arm64 0.2.0 69.00 OK
r-oldrel-windows-x86_64 0.2.0 37.00 271.00 308.00 OK

Check Details

Version: 0.2.0
Check: examples
Result: ERROR Running examples in ‘ggESDA-Ex.R’ failed The error most likely occurred in: > ### Name: Cardiological > ### Title: Cardiological data example > ### Aliases: Cardiological > ### Keywords: datasets > > ### ** Examples > > data(Cardiological) > ggInterval_index(Cardiological, aes(x = Syst)) Error in get(x, envir = ns, inherits = FALSE) : object 'tbl_subset_col' not found Calls: ggInterval_index ... as.data.frame -> [ -> [.symbolic_tbl -> getFromNamespace -> get Execution halted Flavors: r-release-macos-arm64, r-release-macos-x86_64

Version: 0.2.0
Check: re-building of vignette outputs
Result: ERROR Error(s) in re-building vignettes: ... --- re-building ‘ggESDA.Rmd’ using rmarkdown Quitting from lines 47-57 (ggESDA.Rmd) Error: processing vignette 'ggESDA.Rmd' failed with diagnostics: object 'tbl_subset_col' not found --- failed re-building ‘ggESDA.Rmd’ SUMMARY: processing the following file failed: ‘ggESDA.Rmd’ Error: Vignette re-building failed. Execution halted Flavor: r-release-macos-arm64

Version: 0.2.0
Check: re-building of vignette outputs
Result: ERROR Error(s) in re-building vignettes: ... --- re-building ‘ggESDA.Rmd’ using rmarkdown Pandoc is required to build R Markdown vignettes but not available. Please make sure it is installed. Quitting from lines 47-57 (ggESDA.Rmd) Error: processing vignette 'ggESDA.Rmd' failed with diagnostics: object 'tbl_subset_col' not found --- failed re-building ‘ggESDA.Rmd’ SUMMARY: processing the following file failed: ‘ggESDA.Rmd’ Error: Vignette re-building failed. Execution halted Flavor: r-release-macos-x86_64