CRAN Package Check Results for Package ggExtra

Last updated on 2024-02-21 00:54:29 CET.

Flavor Version Tinstall Tcheck Ttotal Status Flags
r-devel-linux-x86_64-debian-clang 0.10.1 NOTE
r-devel-linux-x86_64-debian-gcc 0.10.1 5.01 44.94 49.95 NOTE
r-devel-linux-x86_64-fedora-clang 0.10.1 80.47 NOTE
r-devel-linux-x86_64-fedora-gcc 0.10.1 89.20 NOTE
r-devel-windows-x86_64 0.10.1 6.00 72.00 78.00 OK
r-patched-linux-x86_64 0.10.1 5.48 56.87 62.35 NOTE
r-release-linux-x86_64 0.10.1 4.01 58.02 62.03 NOTE
r-release-macos-arm64 0.10.1 37.00 OK
r-release-macos-x86_64 0.10.1 63.00 OK
r-release-windows-x86_64 0.10.1 9.00 78.00 87.00 OK
r-oldrel-macos-arm64 0.10.1 44.00 OK
r-oldrel-windows-x86_64 0.10.1 8.00 83.00 91.00 OK

Check Details

Version: 0.10.1
Check: R code for possible problems
Result: NOTE Found the following assignments to the global environment: File ‘ggExtra/R/ggMarginalGadget.R’: assign(plotname, eval(parse(text = origPlot)), envir = .GlobalEnv) Flavors: r-devel-linux-x86_64-debian-clang, r-devel-linux-x86_64-debian-gcc, r-devel-linux-x86_64-fedora-clang, r-patched-linux-x86_64, r-release-linux-x86_64

Version: 0.10.1
Check: dependencies in R code
Result: NOTE Namespaces in Imports field not imported from: ‘R6’ ‘scales’ ‘utils’ All declared Imports should be used. Flavors: r-devel-linux-x86_64-fedora-clang, r-devel-linux-x86_64-fedora-gcc