CRAN Package Check Results for Package ggOceanMaps

Last updated on 2024-03-01 00:55:20 CET.

Flavor Version Tinstall Tcheck Ttotal Status Flags
r-devel-linux-x86_64-debian-clang 2.2.0 28.99 115.12 144.11 OK
r-devel-linux-x86_64-debian-gcc 2.2.0 25.88 87.19 113.07 OK
r-devel-linux-x86_64-fedora-clang 2.2.0 185.44 NOTE
r-devel-linux-x86_64-fedora-gcc 2.2.0 182.85 NOTE
r-devel-windows-x86_64 2.2.0 28.00 98.00 126.00 OK
r-patched-linux-x86_64 2.2.0 31.22 111.35 142.57 OK
r-release-linux-x86_64 2.2.0 33.25 109.31 142.56 OK
r-release-macos-arm64 2.2.0 65.00 OK
r-release-macos-x86_64 2.2.0 136.00 OK
r-release-windows-x86_64 2.2.0 36.00 121.00 157.00 OK
r-oldrel-macos-arm64 2.2.0 67.00 OK
r-oldrel-windows-x86_64 2.2.0 37.00 127.00 164.00 OK

Check Details

Version: 2.2.0
Check: data for non-ASCII characters
Result: NOTE Note: found 1 marked UTF-8 string Flavors: r-devel-linux-x86_64-fedora-clang, r-devel-linux-x86_64-fedora-gcc