CRAN Package Check Results for Package ggPMX

Last updated on 2024-03-03 01:00:44 CET.

Flavor Version Tinstall Tcheck Ttotal Status Flags
r-devel-linux-x86_64-debian-clang 1.2.11 16.85 254.45 271.30 NOTE
r-devel-linux-x86_64-debian-gcc 1.2.11 14.08 196.20 210.28 NOTE
r-devel-linux-x86_64-fedora-clang 1.2.11 364.14 NOTE
r-devel-linux-x86_64-fedora-gcc 1.2.11 349.68 NOTE
r-devel-windows-x86_64 1.2.11 18.00 306.00 324.00 NOTE
r-patched-linux-x86_64 1.2.11 26.97 246.84 273.81 NOTE
r-release-linux-x86_64 1.2.11 12.76 252.97 265.73 NOTE
r-release-macos-arm64 1.2.11 90.00 NOTE
r-release-macos-x86_64 1.2.11 175.00 NOTE
r-release-windows-x86_64 1.2.11 25.00 329.00 354.00 NOTE
r-oldrel-macos-arm64 1.2.11 78.00 NOTE
r-oldrel-windows-x86_64 1.2.11 24.00 308.00 332.00 NOTE

Check Details

Version: 1.2.11
Check: package dependencies
Result: NOTE Package suggested but not available for checking: ‘lixoftConnectors’ Flavors: r-devel-linux-x86_64-debian-clang, r-devel-linux-x86_64-debian-gcc, r-devel-linux-x86_64-fedora-clang, r-devel-linux-x86_64-fedora-gcc, r-devel-windows-x86_64, r-patched-linux-x86_64, r-release-linux-x86_64, r-release-macos-arm64, r-release-macos-x86_64, r-release-windows-x86_64, r-oldrel-macos-arm64, r-oldrel-windows-x86_64

Version: 1.2.11
Check: installed package size
Result: NOTE installed size is 9.0Mb sub-directories of 1Mb or more: doc 1.1Mb help 2.4Mb testdata 4.8Mb Flavors: r-devel-linux-x86_64-fedora-clang, r-devel-windows-x86_64, r-release-macos-arm64, r-release-macos-x86_64, r-release-windows-x86_64, r-oldrel-macos-arm64, r-oldrel-windows-x86_64