CRAN Package Check Results for Package ggRtsy

Last updated on 2024-03-02 16:54:46 CET.

Flavor Version Tinstall Tcheck Ttotal Status Flags
r-devel-linux-x86_64-debian-clang 0.1.0 3.81 53.32 57.13 OK
r-devel-linux-x86_64-debian-gcc 0.1.0 3.69 40.03 43.72 OK
r-devel-linux-x86_64-fedora-clang 0.1.0 70.80 NOTE
r-devel-linux-x86_64-fedora-gcc 0.1.0 79.75 NOTE
r-devel-windows-x86_64 0.1.0 5.00 61.00 66.00 OK
r-patched-linux-x86_64 0.1.0 4.82 50.54 55.36 OK
r-release-linux-x86_64 0.1.0 4.54 50.61 55.15 OK
r-release-macos-arm64 0.1.0 39.00 OK
r-release-macos-x86_64 0.1.0 81.00 OK
r-release-windows-x86_64 0.1.0 7.00 69.00 76.00 OK
r-oldrel-macos-arm64 0.1.0 42.00 OK
r-oldrel-windows-x86_64 0.1.0 8.00 72.00 80.00 OK

Check Details

Version: 0.1.0
Check: data for non-ASCII characters
Result: NOTE Note: found 19 marked UTF-8 strings Flavors: r-devel-linux-x86_64-fedora-clang, r-devel-linux-x86_64-fedora-gcc