Last updated on 2024-04-23 08:57:59 CEST.
Flavor | Version | Tinstall | Tcheck | Ttotal | Status | Flags |
---|---|---|---|---|---|---|
r-devel-linux-x86_64-debian-clang | 1.0.1 | 1.70 | 27.64 | 29.34 | NOTE | |
r-devel-linux-x86_64-debian-gcc | 1.0.1 | 1.38 | 21.76 | 23.14 | NOTE | |
r-devel-linux-x86_64-fedora-clang | 1.0.1 | 40.98 | NOTE | |||
r-devel-linux-x86_64-fedora-gcc | 1.0.1 | 37.49 | NOTE | |||
r-prerel-macos-arm64 | 1.0.1 | 18.00 | NOTE | |||
r-prerel-windows-x86_64 | 1.0.1 | 3.00 | 48.00 | 51.00 | NOTE | |
r-patched-linux-x86_64 | 1.0.1 | 1.43 | 27.90 | 29.33 | NOTE | |
r-release-linux-x86_64 | 1.0.1 | 1.71 | 27.63 | 29.34 | NOTE | |
r-release-macos-arm64 | 1.0.1 | 18.00 | NOTE | |||
r-release-macos-x86_64 | 1.0.1 | 24.00 | NOTE | |||
r-release-windows-x86_64 | 1.0.1 | 3.00 | 48.00 | 51.00 | NOTE | |
r-oldrel-macos-arm64 | 1.0.1 | 19.00 | NOTE | |||
r-oldrel-windows-x86_64 | 1.0.1 | 3.00 | 53.00 | 56.00 | NOTE |
Version: 1.0.1
Check: LazyData
Result: NOTE
'LazyData' is specified without a 'data' directory
Flavors: r-devel-linux-x86_64-debian-clang, r-devel-linux-x86_64-debian-gcc, r-devel-linux-x86_64-fedora-clang, r-devel-linux-x86_64-fedora-gcc, r-prerel-macos-arm64, r-prerel-windows-x86_64, r-patched-linux-x86_64, r-release-linux-x86_64, r-release-macos-arm64, r-release-macos-x86_64, r-release-windows-x86_64, r-oldrel-macos-arm64, r-oldrel-windows-x86_64