CRAN Package Check Results for Package ggbuildr

Last updated on 2024-02-22 00:58:30 CET.

Flavor Version Tinstall Tcheck Ttotal Status Flags
r-devel-linux-x86_64-debian-clang 0.1.0 NOTE
r-devel-linux-x86_64-debian-gcc 0.1.0 4.27 39.89 44.16 NOTE
r-devel-linux-x86_64-fedora-clang 0.1.0 70.93 NOTE
r-devel-linux-x86_64-fedora-gcc 0.1.0 67.19 NOTE
r-devel-windows-x86_64 0.1.0 6.00 65.00 71.00 NOTE
r-patched-linux-x86_64 0.1.0 4.17 51.94 56.11 NOTE
r-release-linux-x86_64 0.1.0 3.11 51.46 54.57 NOTE
r-release-macos-arm64 0.1.0 26.00 NOTE
r-release-macos-x86_64 0.1.0 37.00 NOTE
r-release-windows-x86_64 0.1.0 7.00 69.00 76.00 NOTE
r-oldrel-macos-arm64 0.1.0 25.00 NOTE
r-oldrel-windows-x86_64 0.1.0 8.00 75.00 83.00 NOTE

Check Details

Version: 0.1.0
Check: LazyData
Result: NOTE 'LazyData' is specified without a 'data' directory Flavors: r-devel-linux-x86_64-debian-clang, r-devel-linux-x86_64-debian-gcc, r-devel-linux-x86_64-fedora-clang, r-devel-linux-x86_64-fedora-gcc, r-devel-windows-x86_64, r-patched-linux-x86_64, r-release-linux-x86_64, r-release-macos-arm64, r-release-macos-x86_64, r-release-windows-x86_64, r-oldrel-macos-arm64, r-oldrel-windows-x86_64