CRAN Package Check Results for Package ggedit

Last updated on 2024-02-29 00:55:41 CET.

Flavor Version Tinstall Tcheck Ttotal Status Flags
r-devel-linux-x86_64-debian-clang 0.3.1 12.82 82.19 95.01 ERROR
r-devel-linux-x86_64-debian-gcc 0.4.0 9.70 71.03 80.73 OK
r-devel-linux-x86_64-fedora-clang 0.4.0 141.31 OK
r-devel-linux-x86_64-fedora-gcc 0.4.0 126.01 OK
r-devel-windows-x86_64 0.3.1 12.00 96.00 108.00 OK
r-patched-linux-x86_64 0.3.1 8.52 96.13 104.65 OK
r-release-linux-x86_64 0.3.1 7.70 79.96 87.66 ERROR
r-release-macos-arm64 0.4.0 42.00 OK
r-release-macos-x86_64 0.4.0 85.00 OK
r-release-windows-x86_64 0.4.0 18.00 112.00 130.00 OK
r-oldrel-macos-arm64 0.4.0 43.00 OK
r-oldrel-windows-x86_64 0.4.0 17.00 118.00 135.00 OK

Check Details

Version: 0.3.1
Check: examples
Result: ERROR Running examples in ‘ggedit-Ex.R’ failed The error most likely occurred in: > base::assign(".ptime", proc.time(), pos = "CheckExEnv") > ### Name: cloneFacet > ### Title: Clone ggplot facet object > ### Aliases: cloneFacet > > ### ** Examples > > obj=ggplot2::facet_grid(a+b~c+d,scales = 'free',as.table = FALSE,switch = 'x',shrink = FALSE) > > cloneFacet(obj) Error in if (use.names && nt[i] == nc[i]) dQuote(nt[i]) else i : missing value where TRUE/FALSE needed Calls: cloneFacet ... lapply -> FUN -> all.equal -> all.equal.list -> paste0 Execution halted Flavors: r-devel-linux-x86_64-debian-clang, r-release-linux-x86_64