CRAN Package Check Results for Package ggghost

Last updated on 2024-04-22 00:53:16 CEST.

Flavor Version Tinstall Tcheck Ttotal Status Flags
r-devel-linux-x86_64-debian-clang 0.2.1 4.66 59.81 64.47 NOTE
r-devel-linux-x86_64-debian-gcc 0.2.1 4.23 45.31 49.54 NOTE
r-devel-linux-x86_64-fedora-clang 0.2.1 85.07 NOTE
r-devel-linux-x86_64-fedora-gcc 0.2.1 77.70 NOTE
r-prerel-macos-arm64 0.2.1 28.00 NOTE
r-prerel-windows-x86_64 0.2.1 6.00 66.00 72.00 NOTE
r-patched-linux-x86_64 0.2.1 8.41 56.99 65.40 NOTE
r-release-linux-x86_64 0.2.1 4.36 54.78 59.14 NOTE
r-release-macos-arm64 0.2.1 28.00 NOTE
r-release-macos-x86_64 0.2.1 43.00 NOTE
r-release-windows-x86_64 0.2.1 7.00 74.00 81.00 NOTE
r-oldrel-macos-arm64 0.2.1 26.00 NOTE
r-oldrel-windows-x86_64 0.2.1 8.00 78.00 86.00 NOTE

Check Details

Version: 0.2.1
Check: LazyData
Result: NOTE 'LazyData' is specified without a 'data' directory Flavors: r-devel-linux-x86_64-debian-clang, r-devel-linux-x86_64-debian-gcc, r-devel-linux-x86_64-fedora-clang, r-devel-linux-x86_64-fedora-gcc, r-prerel-macos-arm64, r-prerel-windows-x86_64, r-patched-linux-x86_64, r-release-linux-x86_64, r-release-macos-arm64, r-release-macos-x86_64, r-release-windows-x86_64, r-oldrel-macos-arm64, r-oldrel-windows-x86_64