CRAN Package Check Results for Package gginference

Last updated on 2024-02-23 00:59:30 CET.

Flavor Version Tinstall Tcheck Ttotal Status Flags
r-devel-linux-x86_64-debian-clang 0.1.3 OK
r-devel-linux-x86_64-debian-gcc 0.1.3 4.61 40.85 45.46 OK
r-devel-linux-x86_64-fedora-clang 0.1.3 73.60 NOTE
r-devel-linux-x86_64-fedora-gcc 0.1.3 69.91 NOTE
r-devel-windows-x86_64 0.1.3 7.00 62.00 69.00 OK
r-patched-linux-x86_64 0.1.3 6.58 51.66 58.24 OK
r-release-linux-x86_64 0.1.3 5.21 52.22 57.43 OK
r-release-macos-arm64 0.1.3 26.00 OK
r-release-macos-x86_64 0.1.3 40.00 OK
r-release-windows-x86_64 0.1.3 8.00 68.00 76.00 OK
r-oldrel-macos-arm64 0.1.3 25.00 NOTE
r-oldrel-windows-x86_64 0.1.3 9.00 73.00 82.00 OK

Check Details

Version: 0.1.3
Check: dependencies in R code
Result: NOTE Namespace in Imports field not imported from: ‘utils’ All declared Imports should be used. Flavors: r-devel-linux-x86_64-fedora-clang, r-devel-linux-x86_64-fedora-gcc, r-oldrel-macos-arm64