CRAN Package Check Results for Package ggiraph

Last updated on 2024-02-26 16:56:25 CET.

Flavor Version Tinstall Tcheck Ttotal Status Flags
r-devel-linux-x86_64-debian-clang 0.8.8 152.00 198.22 350.22 OK
r-devel-linux-x86_64-debian-gcc 0.8.9 112.99 151.50 264.49 OK
r-devel-linux-x86_64-fedora-clang 0.8.8 396.41 ERROR
r-devel-linux-x86_64-fedora-gcc 0.8.9 501.51 OK
r-devel-windows-x86_64 0.8.8 115.00 199.00 314.00 OK
r-patched-linux-x86_64 0.8.8 137.10 193.32 330.42 OK
r-release-linux-x86_64 0.8.8 125.30 97.87 223.17 ERROR
r-release-macos-arm64 0.8.9 116.00 NOTE
r-release-macos-x86_64 0.8.9 234.00 NOTE
r-release-windows-x86_64 0.8.9 115.00 248.00 363.00 OK
r-oldrel-macos-arm64 0.8.9 107.00 NOTE
r-oldrel-windows-x86_64 0.8.9 100.00 209.00 309.00 OK

Check Details

Version: 0.8.8
Check: examples
Result: ERROR Running examples in ‘ggiraph-Ex.R’ failed The error most likely occurred in: > ### Name: geom_boxplot_interactive > ### Title: Create interactive boxplot > ### Aliases: geom_boxplot_interactive > > ### ** Examples > > # add interactive boxplot ------- > library(ggplot2) > library(ggiraph) > > p <- ggplot(mpg, aes(x = class, y = hwy, tooltip = class)) + + geom_boxplot_interactive() > > x <- girafe(ggobj = p) Error: ! Problem while converting geom to grob. ℹ Error occurred in the 1st layer. Caused by error in `draw_group()`: ! unused argument (staplewidth = 0) Backtrace: ▆ 1. ├─ggiraph::girafe(ggobj = p) 2. │ ├─base::tryCatch(...) 3. │ │ └─base (local) tryCatchList(expr, classes, parentenv, handlers) 4. │ ├─base::print(ggobj) 5. │ └─ggplot2:::print.ggplot(ggobj) 6. │ ├─ggplot2::ggplot_gtable(data) 7. │ └─ggplot2:::ggplot_gtable.ggplot_built(data) 8. │ └─ggplot2:::by_layer(...) 9. │ ├─rlang::try_fetch(...) 10. │ │ ├─base::tryCatch(...) 11. │ │ │ └─base (local) tryCatchList(expr, classes, parentenv, handlers) 12. │ │ │ └─base (local) tryCatchOne(expr, names, parentenv, handlers[[1L]]) 13. │ │ │ └─base (local) doTryCatch(return(expr), name, parentenv, handler) 14. │ │ └─base::withCallingHandlers(...) 15. │ └─ggplot2 (local) f(l = layers[[i]], d = data[[i]]) 16. │ └─l$draw_geom(d, layout) 17. │ └─ggplot2 (local) draw_geom(..., self = self) 18. │ └─self$geom$draw_layer(...) 19. │ └─ggplot2 (local) draw_layer(..., self = self) 20. │ └─base::lapply(...) 21. │ └─ggplot2 (local) FUN(X[[i]], ...) 22. │ ├─rlang::inject(self$draw_panel(data, panel_params, coord, !!!params)) 23. │ └─self$draw_panel(...) 24. │ └─ggplot2 (local) draw_panel(..., self = self) 25. │ └─base::lapply(...) 26. │ └─ggplot2 (local) FUN(X[[i]], ...) 27. │ └─self$draw_group(group, panel_params, coord, ...) 28. └─base::.handleSimpleError(...) 29. └─rlang (local) h(simpleError(msg, call)) 30. └─handlers[[1L]](cnd) 31. └─cli::cli_abort(...) 32. └─rlang::abort(...) Execution halted Flavor: r-devel-linux-x86_64-fedora-clang

Version: 0.8.8
Check: tests
Result: ERROR Running ‘tinytest.R’ [14s/42s] Running the tests in ‘tests/tinytest.R’ failed. Complete output: > if (requireNamespace("tinytest", quietly = TRUE)) { + tinytest::test_package("ggiraph") + } test-annotate_interactive.R... 0 tests test-annotate_interactive.R... 0 tests test-annotate_interactive.R... 0 tests test-annotate_interactive.R... 0 tests test-annotate_interactive.R... 0 tests test-annotate_interactive.R... 7 tests <1b>[0;32mOK<1b>[0m <1b>[0;34m0.9s<1b>[0m test-annotation_raster_interactive.R 0 tests test-annotation_raster_interactive.R 0 tests test-annotation_raster_interactive.R 0 tests test-annotation_raster_interactive.R 0 tests test-annotation_raster_interactive.R 0 tests test-annotation_raster_interactive.R 7 tests <1b>[0;32mOK<1b>[0m <1b>[0;36m78ms<1b>[0m test-dsvg.R................... 0 tests test-dsvg.R................... 0 tests test-dsvg.R................... 0 tests test-dsvg.R................... 0 tests test-dsvg.R................... 7 tests <1b>[0;32mOK<1b>[0m test-dsvg.R................... 11 tests <1b>[0;32mOK<1b>[0m test-dsvg.R................... 15 tests <1b>[0;32mOK<1b>[0m test-dsvg.R................... 20 tests <1b>[0;32mOK<1b>[0m test-dsvg.R................... 30 tests <1b>[0;32mOK<1b>[0m test-dsvg.R................... 31 tests <1b>[0;32mOK<1b>[0m test-dsvg.R................... 40 tests <1b>[0;32mOK<1b>[0m <1b>[0;34m4.3s<1b>[0m test-dsvg_clip_mask_pattern.R. 0 tests test-dsvg_clip_mask_pattern.R. 0 tests test-dsvg_clip_mask_pattern.R. 0 tests test-dsvg_clip_mask_pattern.R. 0 tests test-dsvg_clip_mask_pattern.R. 0 tests test-dsvg_clip_mask_pattern.R. 0 tests test-dsvg_clip_mask_pattern.R. 4 tests <1b>[0;32mOK<1b>[0m test-dsvg_clip_mask_pattern.R. 8 tests <1b>[0;32mOK<1b>[0m test-dsvg_clip_mask_pattern.R. 8 tests <1b>[0;32mOK<1b>[0m <1b>[0;34m1.8s<1b>[0m test-dsvg_lines.R............. 0 tests test-dsvg_lines.R............. 0 tests test-dsvg_lines.R............. 0 tests test-dsvg_lines.R............. 0 tests test-dsvg_lines.R............. 1 tests <1b>[0;32mOK<1b>[0m test-dsvg_lines.R............. 3 tests <1b>[0;32mOK<1b>[0m test-dsvg_lines.R............. 5 tests <1b>[0;32mOK<1b>[0m test-dsvg_lines.R............. 7 tests <1b>[0;32mOK<1b>[0m test-dsvg_lines.R............. 9 tests <1b>[0;32mOK<1b>[0m test-dsvg_lines.R............. 11 tests <1b>[0;32mOK<1b>[0m test-dsvg_lines.R............. 12 tests <1b>[0;32mOK<1b>[0m test-dsvg_lines.R............. 12 tests <1b>[0;32mOK<1b>[0m test-dsvg_lines.R............. 20 tests <1b>[0;32mOK<1b>[0m test-dsvg_lines.R............. 22 tests <1b>[0;32mOK<1b>[0m test-dsvg_lines.R............. 25 tests <1b>[0;32mOK<1b>[0m test-dsvg_lines.R............. 28 tests <1b>[0;32mOK<1b>[0m <1b>[0;34m5.0s<1b>[0m test-dsvg_points.R............ 0 tests test-dsvg_points.R............ 0 tests test-dsvg_points.R............ 0 tests test-dsvg_points.R............ 0 tests test-dsvg_points.R............ 1 tests <1b>[0;32mOK<1b>[0m test-dsvg_points.R............ 3 tests <1b>[0;32mOK<1b>[0m test-dsvg_points.R............ 7 tests <1b>[0;32mOK<1b>[0m test-dsvg_points.R............ 8 tests <1b>[0;32mOK<1b>[0m <1b>[0;34m0.7s<1b>[0m test-dsvg_raster.R............ 0 tests test-dsvg_raster.R............ 0 tests test-dsvg_raster.R............ 0 tests test-dsvg_raster.R............ 0 tests test-dsvg_raster.R............ 0 tests test-dsvg_raster.R............ 8 tests <1b>[0;32mOK<1b>[0m test-dsvg_raster.R............ 16 tests <1b>[0;32mOK<1b>[0m test-dsvg_raster.R............ 18 tests <1b>[0;32mOK<1b>[0m <1b>[0;34m4.3s<1b>[0m test-dsvg_text.R.............. 0 tests test-dsvg_text.R.............. 0 tests test-dsvg_text.R.............. 0 tests test-dsvg_text.R.............. 0 tests test-dsvg_text.R.............. 1 tests <1b>[0;32mOK<1b>[0m test-dsvg_text.R.............. 2 tests <1b>[0;32mOK<1b>[0m test-dsvg_text.R.............. 3 tests <1b>[0;32mOK<1b>[0m test-dsvg_text.R.............. 4 tests <1b>[0;32mOK<1b>[0m test-dsvg_text.R.............. 5 tests <1b>[0;32mOK<1b>[0m test-dsvg_text.R.............. 6 tests <1b>[0;32mOK<1b>[0m test-dsvg_text.R.............. 8 tests <1b>[0;32mOK<1b>[0m test-dsvg_text.R.............. 14 tests <1b>[0;32mOK<1b>[0m test-dsvg_text.R.............. 15 tests <1b>[0;32mOK<1b>[0m <1b>[0;34m4.9s<1b>[0m test-dsvg_view.R.............. 0 tests test-dsvg_view.R.............. 0 tests test-dsvg_view.R.............. 1 tests <1b>[0;32mOK<1b>[0m <1b>[0;34m0.2s<1b>[0m test-element_interactive.R.... 0 tests test-element_interactive.R.... 0 tests test-element_interactive.R.... 0 tests test-element_interactive.R.... 0 tests test-element_interactive.R.... 12 tests <1b>[0;32mOK<1b>[0m test-element_interactive.R.... 13 tests <1b>[0;32mOK<1b>[0m test-element_interactive.R.... 15 tests <1b>[0;32mOK<1b>[0m test-element_interactive.R.... 16 tests <1b>[0;32mOK<1b>[0m test-element_interactive.R.... 17 tests <1b>[0;32mOK<1b>[0m test-element_interactive.R.... 18 tests <1b>[0;32mOK<1b>[0m test-element_interactive.R.... 22 tests <1b>[0;32mOK<1b>[0m test-element_interactive.R.... 24 tests <1b>[0;32mOK<1b>[0m <1b>[0;34m0.3s<1b>[0m test-fonts.R.................. 0 tests test-fonts.R.................. 0 tests test-fonts.R.................. 0 tests test-fonts.R.................. 0 tests <1b>[0;36m25ms<1b>[0m [Exited at #9: package 'shinytest' is not installed] test-geom_abline_interactive.R 0 tests test-geom_abline_interactive.R 0 tests test-geom_abline_interactive.R 0 tests test-geom_abline_interactive.R 0 tests test-geom_abline_interactive.R 0 tests test-geom_abline_interactive.R 8 tests <1b>[0;32mOK<1b>[0m <1b>[0;34m0.1s<1b>[0m test-geom_bar_interactive.R... 0 tests test-geom_bar_interactive.R... 0 tests test-geom_bar_interactive.R... 0 tests test-geom_bar_interactive.R... 0 tests test-geom_bar_interactive.R... 0 tests test-geom_bar_interactive.R... 8 tests <1b>[0;32mOK<1b>[0m <1b>[0;34m0.1s<1b>[0m test-geom_bin_2d_interactive.R 0 tests test-geom_bin_2d_interactive.R 0 tests test-geom_bin_2d_interactive.R 0 tests test-geom_bin_2d_interactive.R 0 tests test-geom_bin_2d_interactive.R 0 tests test-geom_bin_2d_interactive.R 16 tests <1b>[0;32mOK<1b>[0m <1b>[0;34m0.2s<1b>[0m test-geom_boxplot_interactive.R 0 tests test-geom_boxplot_interactive.R 0 tests test-geom_boxplot_interactive.R 0 tests test-geom_boxplot_interactive.R 0 tests test-geom_boxplot_interactive.R 0 tests test-geom_boxplot_interactive.R 8 tests <1b>[0;32mOK<1b>[0m <1b>[0;34m0.1s<1b>[0m test-geom_col_interactive.R... 0 tests test-geom_col_interactive.R... 0 tests test-geom_col_interactive.R... 0 tests test-geom_col_interactive.R... 0 tests test-geom_col_interactive.R... 0 tests test-geom_col_interactive.R... 8 tests <1b>[0;32mOK<1b>[0m <1b>[0;34m0.1s<1b>[0m test-geom_contour_interactive.R 0 tests test-geom_contour_interactive.R 0 tests test-geom_contour_interactive.R 0 tests test-geom_contour_interactive.R 0 tests test-geom_contour_interactive.R 0 tests test-geom_contour_interactive.R 16 tests <1b>[0;32mOK<1b>[0m <1b>[0;34m0.3s<1b>[0m test-geom_count_interactive.R. 0 tests test-geom_count_interactive.R. 0 tests test-geom_count_interactive.R. 0 tests test-geom_count_interactive.R. 0 tests test-geom_count_interactive.R. 0 tests test-geom_count_interactive.R. 8 tests <1b>[0;32mOK<1b>[0m <1b>[0;34m0.1s<1b>[0m test-geom_crossbar_interactive.R 0 tests test-geom_crossbar_interactive.R 0 tests test-geom_crossbar_interactive.R 0 tests test-geom_crossbar_interactive.R 0 tests test-geom_crossbar_interactive.R 0 tests test-geom_crossbar_interactive.R 8 tests <1b>[0;32mOK<1b>[0m <1b>[0;36m98ms<1b>[0m test-geom_curve_interactive.R. 0 tests test-geom_curve_interactive.R. 0 tests test-geom_curve_interactive.R. 0 tests test-geom_curve_interactive.R. 0 tests test-geom_curve_interactive.R. 0 tests test-geom_curve_interactive.R. 8 tests <1b>[0;32mOK<1b>[0m <1b>[0;34m0.1s<1b>[0m test-geom_density_2d_interactive.R 0 tests test-geom_density_2d_interactive.R 0 tests test-geom_density_2d_interactive.R 0 tests test-geom_density_2d_interactive.R 0 tests test-geom_density_2d_interactive.R 0 tests test-geom_density_2d_interactive.R 32 tests <1b>[0;32mOK<1b>[0m <1b>[0;34m0.4s<1b>[0m test-geom_density_interactive.R 0 tests test-geom_density_interactive.R 0 tests test-geom_density_interactive.R 0 tests test-geom_density_interactive.R 0 tests test-geom_density_interactive.R 0 tests test-geom_density_interactive.R 8 tests <1b>[0;32mOK<1b>[0m <1b>[0;34m0.1s<1b>[0m test-geom_dotplot_interactive.R 0 tests test-geom_dotplot_interactive.R 0 tests test-geom_dotplot_interactive.R 0 tests test-geom_dotplot_interactive.R 0 tests test-geom_dotplot_interactive.R 0 tests test-geom_dotplot_interactive.R 8 tests <1b>[0;32mOK<1b>[0m test-geom_dotplot_interactive.R 10 tests <1b>[0;32mOK<1b>[0m <1b>[0;34m2.8s<1b>[0m test-geom_errorbar_interactive.R 0 tests test-geom_errorbar_interactive.R 0 tests test-geom_errorbar_interactive.R 0 tests test-geom_errorbar_interactive.R 0 tests test-geom_errorbar_interactive.R 0 tests test-geom_errorbar_interactive.R 8 tests <1b>[0;32mOK<1b>[0m <1b>[0;36m95ms<1b>[0m test-geom_errorbarh_interactive.R 0 tests test-geom_errorbarh_interactive.R 0 tests test-geom_errorbarh_interactive.R 0 tests test-geom_errorbarh_interactive.R 0 tests test-geom_errorbarh_interactive.R 0 tests test-geom_errorbarh_interactive.R 8 tests <1b>[0;32mOK<1b>[0m <1b>[0;34m0.1s<1b>[0m test-geom_freqpoly_interactive.R 0 tests test-geom_freqpoly_interactive.R 0 tests test-geom_freqpoly_interactive.R 0 tests test-geom_freqpoly_interactive.R 0 tests test-geom_freqpoly_interactive.R 0 tests test-geom_freqpoly_interactive.R 8 tests <1b>[0;32mOK<1b>[0m <1b>[0;36m81ms<1b>[0m test-geom_hex_interactive.R... 0 tests test-geom_hex_interactive.R... 0 tests test-geom_hex_interactive.R... 0 tests test-geom_hex_interactive.R... 0 tests test-geom_hex_interactive.R... 0 tests test-geom_hex_interactive.R... 0 tests test-geom_hex_interactive.R... 8 tests <1b>[0;32mOK<1b>[0m <1b>[0;34m0.6s<1b>[0m test-geom_histogram_interactive.R 0 tests test-geom_histogram_interactive.R 0 tests test-geom_histogram_interactive.R 0 tests test-geom_histogram_interactive.R 0 tests test-geom_histogram_interactive.R 0 tests test-geom_histogram_interactive.R 8 tests <1b>[0;32mOK<1b>[0m <1b>[0;36m71ms<1b>[0m test-geom_hline_interactive.R. 0 tests test-geom_hline_interactive.R. 0 tests test-geom_hline_interactive.R. 0 tests test-geom_hline_interactive.R. 0 tests test-geom_hline_interactive.R. 0 tests test-geom_hline_interactive.R. 8 tests <1b>[0;32mOK<1b>[0m <1b>[0;36m95ms<1b>[0m test-geom_jitter_interactive.R 0 tests test-geom_jitter_interactive.R 0 tests test-geom_jitter_interactive.R 0 tests test-geom_jitter_interactive.R 0 tests test-geom_jitter_interactive.R 0 tests test-geom_jitter_interactive.R 8 tests <1b>[0;32mOK<1b>[0m <1b>[0;34m0.1s<1b>[0m test-geom_label_interactive.R. 0 tests test-geom_label_interactive.R. 0 tests test-geom_label_interactive.R. 0 tests test-geom_label_interactive.R. 0 tests test-geom_label_interactive.R. 0 tests test-geom_label_interactive.R. 8 tests <1b>[0;32mOK<1b>[0m Error in sort.int(x, na.last = na.last, decreasing = decreasing, ...) : 'x' must be atomic Calls: <Anonymous> ... FUN -> eval -> eval -> sort -> sort.default -> sort.int Execution halted Flavor: r-devel-linux-x86_64-fedora-clang

Version: 0.8.8
Check: examples
Result: ERROR Running examples in ‘ggiraph-Ex.R’ failed The error most likely occurred in: > base::assign(".ptime", proc.time(), pos = "CheckExEnv") > ### Name: geom_boxplot_interactive > ### Title: Create interactive boxplot > ### Aliases: geom_boxplot_interactive > > ### ** Examples > > # add interactive boxplot ------- > library(ggplot2) > library(ggiraph) > > p <- ggplot(mpg, aes(x = class, y = hwy, tooltip = class)) + + geom_boxplot_interactive() > > x <- girafe(ggobj = p) Error: ! Problem while converting geom to grob. ℹ Error occurred in the 1st layer. Caused by error in `draw_group()`: ! unused argument (staplewidth = 0) Backtrace: ▆ 1. ├─ggiraph::girafe(ggobj = p) 2. │ ├─base::tryCatch(...) 3. │ │ └─base (local) tryCatchList(expr, classes, parentenv, handlers) 4. │ ├─base::print(ggobj) 5. │ └─ggplot2:::print.ggplot(ggobj) 6. │ ├─ggplot2::ggplot_gtable(data) 7. │ └─ggplot2:::ggplot_gtable.ggplot_built(data) 8. │ └─ggplot2:::by_layer(...) 9. │ ├─rlang::try_fetch(...) 10. │ │ ├─base::tryCatch(...) 11. │ │ │ └─base (local) tryCatchList(expr, classes, parentenv, handlers) 12. │ │ │ └─base (local) tryCatchOne(expr, names, parentenv, handlers[[1L]]) 13. │ │ │ └─base (local) doTryCatch(return(expr), name, parentenv, handler) 14. │ │ └─base::withCallingHandlers(...) 15. │ └─ggplot2 (local) f(l = layers[[i]], d = data[[i]]) 16. │ └─l$draw_geom(d, layout) 17. │ └─ggplot2 (local) draw_geom(..., self = self) 18. │ └─self$geom$draw_layer(...) 19. │ └─ggplot2 (local) draw_layer(..., self = self) 20. │ └─base::lapply(...) 21. │ └─ggplot2 (local) FUN(X[[i]], ...) 22. │ ├─rlang::inject(self$draw_panel(data, panel_params, coord, !!!params)) 23. │ └─self$draw_panel(...) 24. │ └─ggplot2 (local) draw_panel(..., self = self) 25. │ └─base::lapply(...) 26. │ └─ggplot2 (local) FUN(X[[i]], ...) 27. │ └─self$draw_group(group, panel_params, coord, ...) 28. └─base::.handleSimpleError(...) 29. └─rlang (local) h(simpleError(msg, call)) 30. └─handlers[[1L]](cnd) 31. └─cli::cli_abort(...) 32. └─rlang::abort(...) Execution halted Flavor: r-release-linux-x86_64

Version: 0.8.8
Check: tests
Result: ERROR Running ‘tinytest.R’ [10s/13s] Running the tests in ‘tests/tinytest.R’ failed. Complete output: > if (requireNamespace("tinytest", quietly = TRUE)) { + tinytest::test_package("ggiraph") + } test-annotate_interactive.R... 0 tests test-annotate_interactive.R... 0 tests test-annotate_interactive.R... 0 tests test-annotate_interactive.R... 0 tests test-annotate_interactive.R... 0 tests test-annotate_interactive.R... 7 tests <1b>[0;32mOK<1b>[0m <1b>[0;34m0.2s<1b>[0m test-annotation_raster_interactive.R 0 tests test-annotation_raster_interactive.R 0 tests test-annotation_raster_interactive.R 0 tests test-annotation_raster_interactive.R 0 tests test-annotation_raster_interactive.R 0 tests test-annotation_raster_interactive.R 7 tests <1b>[0;32mOK<1b>[0m <1b>[0;36m29ms<1b>[0m test-dsvg.R................... 0 tests test-dsvg.R................... 0 tests test-dsvg.R................... 0 tests test-dsvg.R................... 0 tests test-dsvg.R................... 7 tests <1b>[0;32mOK<1b>[0m test-dsvg.R................... 11 tests <1b>[0;32mOK<1b>[0m test-dsvg.R................... 15 tests <1b>[0;32mOK<1b>[0m test-dsvg.R................... 20 tests <1b>[0;32mOK<1b>[0m test-dsvg.R................... 30 tests <1b>[0;32mOK<1b>[0m test-dsvg.R................... 31 tests <1b>[0;32mOK<1b>[0m test-dsvg.R................... 40 tests <1b>[0;32mOK<1b>[0m <1b>[0;34m1.1s<1b>[0m test-dsvg_clip_mask_pattern.R. 0 tests test-dsvg_clip_mask_pattern.R. 0 tests test-dsvg_clip_mask_pattern.R. 0 tests test-dsvg_clip_mask_pattern.R. 0 tests test-dsvg_clip_mask_pattern.R. 0 tests test-dsvg_clip_mask_pattern.R. 0 tests test-dsvg_clip_mask_pattern.R. 4 tests <1b>[0;32mOK<1b>[0m test-dsvg_clip_mask_pattern.R. 8 tests <1b>[0;32mOK<1b>[0m test-dsvg_clip_mask_pattern.R. 8 tests <1b>[0;32mOK<1b>[0m <1b>[0;34m0.4s<1b>[0m test-dsvg_lines.R............. 0 tests test-dsvg_lines.R............. 0 tests test-dsvg_lines.R............. 0 tests test-dsvg_lines.R............. 0 tests test-dsvg_lines.R............. 1 tests <1b>[0;32mOK<1b>[0m test-dsvg_lines.R............. 3 tests <1b>[0;32mOK<1b>[0m test-dsvg_lines.R............. 5 tests <1b>[0;32mOK<1b>[0m test-dsvg_lines.R............. 7 tests <1b>[0;32mOK<1b>[0m test-dsvg_lines.R............. 9 tests <1b>[0;32mOK<1b>[0m test-dsvg_lines.R............. 11 tests <1b>[0;32mOK<1b>[0m test-dsvg_lines.R............. 12 tests <1b>[0;32mOK<1b>[0m test-dsvg_lines.R............. 12 tests <1b>[0;32mOK<1b>[0m test-dsvg_lines.R............. 20 tests <1b>[0;32mOK<1b>[0m test-dsvg_lines.R............. 22 tests <1b>[0;32mOK<1b>[0m test-dsvg_lines.R............. 25 tests <1b>[0;32mOK<1b>[0m test-dsvg_lines.R............. 28 tests <1b>[0;32mOK<1b>[0m <1b>[0;34m1.9s<1b>[0m test-dsvg_points.R............ 0 tests test-dsvg_points.R............ 0 tests test-dsvg_points.R............ 0 tests test-dsvg_points.R............ 0 tests test-dsvg_points.R............ 1 tests <1b>[0;32mOK<1b>[0m test-dsvg_points.R............ 3 tests <1b>[0;32mOK<1b>[0m test-dsvg_points.R............ 7 tests <1b>[0;32mOK<1b>[0m test-dsvg_points.R............ 8 tests <1b>[0;32mOK<1b>[0m <1b>[0;34m0.3s<1b>[0m test-dsvg_raster.R............ 0 tests test-dsvg_raster.R............ 0 tests test-dsvg_raster.R............ 0 tests test-dsvg_raster.R............ 0 tests test-dsvg_raster.R............ 0 tests test-dsvg_raster.R............ 8 tests <1b>[0;32mOK<1b>[0m test-dsvg_raster.R............ 16 tests <1b>[0;32mOK<1b>[0m test-dsvg_raster.R............ 18 tests <1b>[0;32mOK<1b>[0m <1b>[0;34m1.5s<1b>[0m test-dsvg_text.R.............. 0 tests test-dsvg_text.R.............. 0 tests test-dsvg_text.R.............. 0 tests test-dsvg_text.R.............. 0 tests test-dsvg_text.R.............. 1 tests <1b>[0;32mOK<1b>[0m test-dsvg_text.R.............. 2 tests <1b>[0;32mOK<1b>[0m test-dsvg_text.R.............. 3 tests <1b>[0;32mOK<1b>[0m test-dsvg_text.R.............. 4 tests <1b>[0;32mOK<1b>[0m test-dsvg_text.R.............. 5 tests <1b>[0;32mOK<1b>[0m test-dsvg_text.R.............. 6 tests <1b>[0;32mOK<1b>[0m test-dsvg_text.R.............. 8 tests <1b>[0;32mOK<1b>[0m test-dsvg_text.R.............. 14 tests <1b>[0;32mOK<1b>[0m test-dsvg_text.R.............. 15 tests <1b>[0;32mOK<1b>[0m <1b>[0;34m1.7s<1b>[0m test-dsvg_view.R.............. 0 tests test-dsvg_view.R.............. 0 tests test-dsvg_view.R.............. 1 tests <1b>[0;32mOK<1b>[0m <1b>[0;34m0.2s<1b>[0m test-element_interactive.R.... 0 tests test-element_interactive.R.... 0 tests test-element_interactive.R.... 0 tests test-element_interactive.R.... 0 tests test-element_interactive.R.... 12 tests <1b>[0;32mOK<1b>[0m test-element_interactive.R.... 13 tests <1b>[0;32mOK<1b>[0m test-element_interactive.R.... 15 tests <1b>[0;32mOK<1b>[0m test-element_interactive.R.... 16 tests <1b>[0;32mOK<1b>[0m test-element_interactive.R.... 17 tests <1b>[0;32mOK<1b>[0m test-element_interactive.R.... 18 tests <1b>[0;32mOK<1b>[0m test-element_interactive.R.... 22 tests <1b>[0;32mOK<1b>[0m test-element_interactive.R.... 24 tests <1b>[0;32mOK<1b>[0m <1b>[0;34m0.1s<1b>[0m test-fonts.R.................. 0 tests test-fonts.R.................. 0 tests test-fonts.R.................. 0 tests test-fonts.R.................. 0 tests <1b>[0;36m19ms<1b>[0m [Exited at #9: package 'shinytest' is not installed] test-geom_abline_interactive.R 0 tests test-geom_abline_interactive.R 0 tests test-geom_abline_interactive.R 0 tests test-geom_abline_interactive.R 0 tests test-geom_abline_interactive.R 0 tests test-geom_abline_interactive.R 8 tests <1b>[0;32mOK<1b>[0m <1b>[0;36m48ms<1b>[0m test-geom_bar_interactive.R... 0 tests test-geom_bar_interactive.R... 0 tests test-geom_bar_interactive.R... 0 tests test-geom_bar_interactive.R... 0 tests test-geom_bar_interactive.R... 0 tests test-geom_bar_interactive.R... 8 tests <1b>[0;32mOK<1b>[0m <1b>[0;36m45ms<1b>[0m test-geom_bin_2d_interactive.R 0 tests test-geom_bin_2d_interactive.R 0 tests test-geom_bin_2d_interactive.R 0 tests test-geom_bin_2d_interactive.R 0 tests test-geom_bin_2d_interactive.R 0 tests test-geom_bin_2d_interactive.R 16 tests <1b>[0;32mOK<1b>[0m <1b>[0;36m71ms<1b>[0m test-geom_boxplot_interactive.R 0 tests test-geom_boxplot_interactive.R 0 tests test-geom_boxplot_interactive.R 0 tests test-geom_boxplot_interactive.R 0 tests test-geom_boxplot_interactive.R 0 tests test-geom_boxplot_interactive.R 8 tests <1b>[0;32mOK<1b>[0m <1b>[0;36m87ms<1b>[0m test-geom_col_interactive.R... 0 tests test-geom_col_interactive.R... 0 tests test-geom_col_interactive.R... 0 tests test-geom_col_interactive.R... 0 tests test-geom_col_interactive.R... 0 tests test-geom_col_interactive.R... 8 tests <1b>[0;32mOK<1b>[0m <1b>[0;36m32ms<1b>[0m test-geom_contour_interactive.R 0 tests test-geom_contour_interactive.R 0 tests test-geom_contour_interactive.R 0 tests test-geom_contour_interactive.R 0 tests test-geom_contour_interactive.R 0 tests test-geom_contour_interactive.R 16 tests <1b>[0;32mOK<1b>[0m <1b>[0;36m62ms<1b>[0m test-geom_count_interactive.R. 0 tests test-geom_count_interactive.R. 0 tests test-geom_count_interactive.R. 0 tests test-geom_count_interactive.R. 0 tests test-geom_count_interactive.R. 0 tests test-geom_count_interactive.R. 8 tests <1b>[0;32mOK<1b>[0m <1b>[0;36m26ms<1b>[0m test-geom_crossbar_interactive.R 0 tests test-geom_crossbar_interactive.R 0 tests test-geom_crossbar_interactive.R 0 tests test-geom_crossbar_interactive.R 0 tests test-geom_crossbar_interactive.R 0 tests test-geom_crossbar_interactive.R 8 tests <1b>[0;32mOK<1b>[0m <1b>[0;36m43ms<1b>[0m test-geom_curve_interactive.R. 0 tests test-geom_curve_interactive.R. 0 tests test-geom_curve_interactive.R. 0 tests test-geom_curve_interactive.R. 0 tests test-geom_curve_interactive.R. 0 tests test-geom_curve_interactive.R. 8 tests <1b>[0;32mOK<1b>[0m <1b>[0;36m37ms<1b>[0m test-geom_density_2d_interactive.R 0 tests test-geom_density_2d_interactive.R 0 tests test-geom_density_2d_interactive.R 0 tests test-geom_density_2d_interactive.R 0 tests test-geom_density_2d_interactive.R 0 tests test-geom_density_2d_interactive.R 32 tests <1b>[0;32mOK<1b>[0m <1b>[0;36m81ms<1b>[0m test-geom_density_interactive.R 0 tests test-geom_density_interactive.R 0 tests test-geom_density_interactive.R 0 tests test-geom_density_interactive.R 0 tests test-geom_density_interactive.R 0 tests test-geom_density_interactive.R 8 tests <1b>[0;32mOK<1b>[0m <1b>[0;36m26ms<1b>[0m test-geom_dotplot_interactive.R 0 tests test-geom_dotplot_interactive.R 0 tests test-geom_dotplot_interactive.R 0 tests test-geom_dotplot_interactive.R 0 tests test-geom_dotplot_interactive.R 0 tests test-geom_dotplot_interactive.R 8 tests <1b>[0;32mOK<1b>[0m test-geom_dotplot_interactive.R 10 tests <1b>[0;32mOK<1b>[0m <1b>[0;34m1.0s<1b>[0m test-geom_errorbar_interactive.R 0 tests test-geom_errorbar_interactive.R 0 tests test-geom_errorbar_interactive.R 0 tests test-geom_errorbar_interactive.R 0 tests test-geom_errorbar_interactive.R 0 tests test-geom_errorbar_interactive.R 8 tests <1b>[0;32mOK<1b>[0m <1b>[0;36m24ms<1b>[0m test-geom_errorbarh_interactive.R 0 tests test-geom_errorbarh_interactive.R 0 tests test-geom_errorbarh_interactive.R 0 tests test-geom_errorbarh_interactive.R 0 tests test-geom_errorbarh_interactive.R 0 tests test-geom_errorbarh_interactive.R 8 tests <1b>[0;32mOK<1b>[0m <1b>[0;36m55ms<1b>[0m test-geom_freqpoly_interactive.R 0 tests test-geom_freqpoly_interactive.R 0 tests test-geom_freqpoly_interactive.R 0 tests test-geom_freqpoly_interactive.R 0 tests test-geom_freqpoly_interactive.R 0 tests test-geom_freqpoly_interactive.R 8 tests <1b>[0;32mOK<1b>[0m <1b>[0;36m45ms<1b>[0m test-geom_hex_interactive.R... 0 tests test-geom_hex_interactive.R... 0 tests test-geom_hex_interactive.R... 0 tests test-geom_hex_interactive.R... 0 tests test-geom_hex_interactive.R... 0 tests test-geom_hex_interactive.R... 0 tests test-geom_hex_interactive.R... 8 tests <1b>[0;32mOK<1b>[0m <1b>[0;34m0.3s<1b>[0m test-geom_histogram_interactive.R 0 tests test-geom_histogram_interactive.R 0 tests test-geom_histogram_interactive.R 0 tests test-geom_histogram_interactive.R 0 tests test-geom_histogram_interactive.R 0 tests test-geom_histogram_interactive.R 8 tests <1b>[0;32mOK<1b>[0m <1b>[0;34m0.2s<1b>[0m test-geom_hline_interactive.R. 0 tests test-geom_hline_interactive.R. 0 tests test-geom_hline_interactive.R. 0 tests test-geom_hline_interactive.R. 0 tests test-geom_hline_interactive.R. 0 tests test-geom_hline_interactive.R. 8 tests <1b>[0;32mOK<1b>[0m <1b>[0;36m29ms<1b>[0m test-geom_jitter_interactive.R 0 tests test-geom_jitter_interactive.R 0 tests test-geom_jitter_interactive.R 0 tests test-geom_jitter_interactive.R 0 tests test-geom_jitter_interactive.R 0 tests test-geom_jitter_interactive.R 8 tests <1b>[0;32mOK<1b>[0m <1b>[0;36m54ms<1b>[0m test-geom_label_interactive.R. 0 tests test-geom_label_interactive.R. 0 tests test-geom_label_interactive.R. 0 tests test-geom_label_interactive.R. 0 tests test-geom_label_interactive.R. 0 tests test-geom_label_interactive.R. 8 tests <1b>[0;32mOK<1b>[0m Error in sort.int(x, na.last = na.last, decreasing = decreasing, ...) : 'x' must be atomic Calls: <Anonymous> ... FUN -> eval -> eval -> sort -> sort.default -> sort.int Execution halted Flavor: r-release-linux-x86_64

Version: 0.8.9
Check: installed package size
Result: NOTE installed size is 7.0Mb sub-directories of 1Mb or more: libs 4.9Mb Flavors: r-release-macos-arm64, r-release-macos-x86_64, r-oldrel-macos-arm64