CRAN Package Check Results for Package ggnetwork

Last updated on 2024-03-03 01:00:44 CET.

Flavor Version Tinstall Tcheck Ttotal Status Flags
r-devel-linux-x86_64-debian-clang 0.5.13 5.95 82.26 88.21 OK
r-devel-linux-x86_64-debian-gcc 0.5.13 4.69 60.36 65.05 OK
r-devel-linux-x86_64-fedora-clang 0.5.13 103.75 NOTE
r-devel-linux-x86_64-fedora-gcc 0.5.13 99.72 NOTE
r-devel-windows-x86_64 0.5.13 7.00 81.00 88.00 OK
r-patched-linux-x86_64 0.5.13 10.81 77.91 88.72 OK
r-release-linux-x86_64 0.5.13 5.92 77.43 83.35 OK
r-release-macos-arm64 0.5.13 43.00 OK
r-release-macos-x86_64 0.5.13 71.00 OK
r-release-windows-x86_64 0.5.13 9.00 96.00 105.00 OK
r-oldrel-macos-arm64 0.5.13 45.00 OK
r-oldrel-windows-x86_64 0.5.13 8.00 95.00 103.00 OK

Check Details

Version: 0.5.13
Check: dependencies in R code
Result: NOTE Namespaces in Imports field not imported from: ‘sna’ ‘utils’ All declared Imports should be used. Flavors: r-devel-linux-x86_64-fedora-clang, r-devel-linux-x86_64-fedora-gcc