CRAN Package Check Results for Package ggpcp

Last updated on 2024-02-29 08:48:54 CET.

Flavor Version Tinstall Tcheck Ttotal Status Flags
r-devel-linux-x86_64-debian-clang 0.2.0 7.97 80.43 88.40 NOTE
r-devel-linux-x86_64-debian-gcc 0.2.0 6.44 60.38 66.82 NOTE
r-devel-linux-x86_64-fedora-clang 0.2.0 106.99 NOTE
r-devel-linux-x86_64-fedora-gcc 0.2.0 103.60 NOTE
r-devel-windows-x86_64 0.2.0 7.00 77.00 84.00 OK
r-patched-linux-x86_64 0.2.0 8.51 76.73 85.24 OK
r-release-linux-x86_64 0.2.0 6.68 76.77 83.45 OK
r-release-macos-arm64 0.2.0 34.00 OK
r-release-macos-x86_64 0.2.0 53.00 OK
r-release-windows-x86_64 0.2.0 11.00 92.00 103.00 OK
r-oldrel-macos-arm64 0.2.0 40.00 OK
r-oldrel-windows-x86_64 0.2.0 10.00 101.00 111.00 OK

Check Details

Version: 0.2.0
Check: Rd files
Result: NOTE checkRd: (-1) pcp_scale.Rd:50: Lost braces in \itemize; meant \describe ? checkRd: (-1) pcp_scale.Rd:51: Lost braces in \itemize; meant \describe ? checkRd: (-1) pcp_scale.Rd:52: Lost braces in \itemize; meant \describe ? checkRd: (-1) pcp_scale.Rd:53: Lost braces in \itemize; meant \describe ? checkRd: (-1) pcp_scale.Rd:54-55: Lost braces in \itemize; meant \describe ? Flavors: r-devel-linux-x86_64-debian-clang, r-devel-linux-x86_64-debian-gcc, r-devel-linux-x86_64-fedora-clang, r-devel-linux-x86_64-fedora-gcc

Version: 0.2.0
Check: Rd cross-references
Result: NOTE Undeclared package ‘ggdensity’ in Rd xrefs Flavor: r-devel-linux-x86_64-fedora-clang