CRAN Package Check Results for Package ggpointless

Last updated on 2024-02-26 08:48:46 CET.

Flavor Version Tinstall Tcheck Ttotal Status Flags
r-devel-linux-x86_64-debian-clang 0.1.0 5.77 99.58 105.35 OK
r-devel-linux-x86_64-debian-gcc 0.1.0 4.99 73.61 78.60 OK
r-devel-linux-x86_64-fedora-clang 0.1.0 131.97 NOTE
r-devel-linux-x86_64-fedora-gcc 0.1.0 137.29 NOTE
r-devel-windows-x86_64 0.1.0 7.00 93.00 100.00 OK
r-patched-linux-x86_64 0.1.0 5.74 97.71 103.45 OK
r-release-linux-x86_64 0.1.0 6.22 92.69 98.91 OK
r-release-macos-arm64 0.1.0 56.00 OK
r-release-macos-x86_64 0.1.0 97.00 OK
r-release-windows-x86_64 0.1.0 9.00 114.00 123.00 OK
r-oldrel-macos-arm64 0.1.0 52.00 OK
r-oldrel-windows-x86_64 0.1.0 10.00 106.00 116.00 OK

Check Details

Version: 0.1.0
Check: data for non-ASCII characters
Result: NOTE Note: found 35 marked UTF-8 strings Flavors: r-devel-linux-x86_64-fedora-clang, r-devel-linux-x86_64-fedora-gcc