Last updated on 2024-05-04 08:51:17 CEST.
Flavor | Version | Tinstall | Tcheck | Ttotal | Status | Flags |
---|---|---|---|---|---|---|
r-devel-linux-x86_64-debian-clang | 1.2 | 21.54 | 134.82 | 156.36 | OK | |
r-devel-linux-x86_64-debian-gcc | 1.2 | 18.05 | 100.04 | 118.09 | OK | |
r-devel-linux-x86_64-fedora-clang | 1.2 | 194.78 | NOTE | |||
r-devel-linux-x86_64-fedora-gcc | 1.2 | 192.17 | OK | |||
r-devel-windows-x86_64 | 1.2 | 20.00 | 103.00 | 123.00 | NOTE | |
r-patched-linux-x86_64 | 1.2 | 12.58 | 129.50 | 142.08 | OK | |
r-release-linux-x86_64 | 1.2 | 16.26 | 128.08 | 144.34 | OK | |
r-release-macos-arm64 | 1.2 | 50.00 | NOTE | |||
r-release-windows-x86_64 | 1.2 | 21.00 | 103.00 | 124.00 | NOTE | |
r-oldrel-macos-arm64 | 1.2 | 57.00 | NOTE | |||
r-oldrel-macos-x86_64 | 1.2 | 91.00 | NOTE | |||
r-oldrel-windows-x86_64 | 1.2 | 26.00 | 130.00 | 156.00 | NOTE |
Version: 1.2
Check: installed package size
Result: NOTE
installed size is 9.4Mb
sub-directories of 1Mb or more:
extdata 9.1Mb
Flavors: r-devel-linux-x86_64-fedora-clang, r-devel-windows-x86_64, r-release-macos-arm64, r-release-windows-x86_64, r-oldrel-macos-arm64, r-oldrel-macos-x86_64, r-oldrel-windows-x86_64