Last updated on 2024-05-02 16:48:19 CEST.
Flavor | Version | Tinstall | Tcheck | Ttotal | Status | Flags |
---|---|---|---|---|---|---|
r-devel-linux-x86_64-debian-clang | 0.5.6 | 8.30 | 131.70 | 140.00 | OK | |
r-devel-linux-x86_64-debian-gcc | 0.5.6 | 6.84 | 97.18 | 104.02 | OK | |
r-devel-linux-x86_64-fedora-clang | 0.5.6 | 173.84 | NOTE | |||
r-devel-linux-x86_64-fedora-gcc | 0.5.6 | 177.70 | NOTE | |||
r-devel-windows-x86_64 | 0.5.6 | 9.00 | 104.00 | 113.00 | OK | |
r-patched-linux-x86_64 | 0.5.6 | 13.97 | 122.26 | 136.23 | OK | |
r-release-linux-x86_64 | 0.5.6 | 10.09 | 125.33 | 135.42 | OK | |
r-release-macos-arm64 | 0.5.6 | 53.00 | OK | |||
r-release-macos-x86_64 | 0.5.6 | 133.00 | OK | |||
r-release-windows-x86_64 | 0.5.6 | 10.00 | 107.00 | 117.00 | OK | |
r-oldrel-macos-arm64 | 0.5.6 | 65.00 | OK | |||
r-oldrel-macos-x86_64 | 0.5.6 | 110.00 | OK | |||
r-oldrel-windows-x86_64 | 0.5.6 | 12.00 | 124.00 | 136.00 | OK |
Version: 0.5.6
Check: data for non-ASCII characters
Result: NOTE
Note: found 6242 marked UTF-8 strings
Flavors: r-devel-linux-x86_64-fedora-clang, r-devel-linux-x86_64-fedora-gcc