CRAN Package Check Results for Package ggseg

Last updated on 2024-02-22 08:54:09 CET.

Flavor Version Tinstall Tcheck Ttotal Status Flags
r-devel-linux-x86_64-debian-clang 1.6.5 NOTE
r-devel-linux-x86_64-debian-gcc 1.6.5 8.25 136.70 144.95 NOTE
r-devel-linux-x86_64-fedora-clang 1.6.5 233.17 NOTE
r-devel-linux-x86_64-fedora-gcc 1.6.5 234.30 NOTE
r-devel-windows-x86_64 1.6.5 10.00 143.00 153.00 NOTE
r-patched-linux-x86_64 1.6.5 7.09 176.47 183.56 NOTE
r-release-linux-x86_64 1.6.5 6.53 175.22 181.75 NOTE
r-release-macos-arm64 1.6.5 76.00 NOTE
r-release-macos-x86_64 1.6.5 128.00 NOTE
r-release-windows-x86_64 1.6.5 12.00 181.00 193.00 NOTE
r-oldrel-macos-arm64 1.6.5 83.00 OK
r-oldrel-windows-x86_64 1.6.5 14.00 185.00 199.00 OK

Check Details

Version: 1.6.5
Check: package subdirectories
Result: NOTE Problems with news in ‘NEWS.md’: Cannot extract version info from the following section titles: * Changes all data options to .data to decrease possibility of column naming overlap Flavors: r-devel-linux-x86_64-debian-clang, r-devel-linux-x86_64-debian-gcc, r-devel-linux-x86_64-fedora-clang, r-devel-linux-x86_64-fedora-gcc, r-devel-windows-x86_64, r-patched-linux-x86_64, r-release-linux-x86_64, r-release-macos-arm64, r-release-macos-x86_64, r-release-windows-x86_64