CRAN Package Check Results for Package ggthemes

Last updated on 2024-02-22 08:54:09 CET.

Flavor Version Tinstall Tcheck Ttotal Status Flags
r-devel-linux-x86_64-debian-clang 5.1.0 OK
r-devel-linux-x86_64-debian-gcc 5.1.0 8.23 89.46 97.69 OK
r-devel-linux-x86_64-fedora-clang 5.1.0 155.43 NOTE
r-devel-linux-x86_64-fedora-gcc 5.1.0 161.56 NOTE
r-devel-windows-x86_64 5.1.0 11.00 121.00 132.00 OK
r-patched-linux-x86_64 5.1.0 17.58 113.27 130.85 OK
r-release-linux-x86_64 5.1.0 10.22 114.25 124.47 OK
r-release-macos-arm64 5.1.0 52.00 OK
r-release-macos-x86_64 5.1.0 129.00 OK
r-release-windows-x86_64 5.1.0 14.00 147.00 161.00 OK
r-oldrel-macos-arm64 5.1.0 53.00 OK
r-oldrel-windows-x86_64 5.1.0 15.00 138.00 153.00 OK

Check Details

Version: 5.1.0
Check: data for non-ASCII characters
Result: NOTE Note: found 138 marked UTF-8 strings Flavors: r-devel-linux-x86_64-fedora-clang, r-devel-linux-x86_64-fedora-gcc