CRAN Package Check Results for Package ghypernet

Last updated on 2024-02-27 00:59:18 CET.

Flavor Version Tinstall Tcheck Ttotal Status Flags
r-devel-linux-x86_64-debian-clang 1.1.0 35.42 265.57 300.99 OK
r-devel-linux-x86_64-debian-gcc 1.1.0 30.02 193.17 223.19 OK
r-devel-linux-x86_64-fedora-clang 1.1.0 383.76 NOTE
r-devel-linux-x86_64-fedora-gcc 1.1.0 368.28 NOTE
r-devel-windows-x86_64 1.1.0 29.00 225.00 254.00 OK
r-patched-linux-x86_64 1.1.0 33.27 253.10 286.37 OK
r-release-linux-x86_64 1.1.0 32.16 256.52 288.68 OK
r-release-macos-arm64 1.1.0 119.00 OK
r-release-macos-x86_64 1.1.0 179.00 OK
r-release-windows-x86_64 1.1.0 39.00 278.00 317.00 OK
r-oldrel-macos-arm64 1.1.0 96.00 NOTE
r-oldrel-windows-x86_64 1.1.0 40.00 263.00 303.00 OK

Check Details

Version: 1.1.0
Check: dependencies in R code
Result: NOTE Namespace in Imports field not imported from: ‘methods’ All declared Imports should be used. Flavors: r-devel-linux-x86_64-fedora-clang, r-devel-linux-x86_64-fedora-gcc, r-oldrel-macos-arm64

Version: 1.1.0
Check: data for non-ASCII characters
Result: NOTE Note: found 11 marked UTF-8 strings Flavors: r-devel-linux-x86_64-fedora-clang, r-devel-linux-x86_64-fedora-gcc, r-oldrel-macos-arm64