CRAN Package Check Results for Package gif

Last updated on 2024-03-02 16:54:46 CET.

Flavor Version Tinstall Tcheck Ttotal Status Flags
r-devel-linux-x86_64-debian-clang 0.1.1 35.18 76.98 112.16 OK
r-devel-linux-x86_64-debian-gcc 0.1.1 34.20 59.81 94.01 OK
r-devel-linux-x86_64-fedora-clang 0.1.1 149.18 OK
r-devel-linux-x86_64-fedora-gcc 0.1.1 162.63 OK
r-devel-windows-x86_64 0.1.1 32.00 95.00 127.00 OK
r-patched-linux-x86_64 0.1.1 40.75 75.16 115.91 OK
r-release-linux-x86_64 0.1.1 46.87 75.58 122.45 OK
r-release-macos-arm64 0.1.1 54.00 NOTE
r-release-macos-x86_64 0.1.1 123.00 NOTE
r-release-windows-x86_64 0.1.1 41.00 111.00 152.00 OK
r-oldrel-macos-arm64 0.1.1 46.00 NOTE
r-oldrel-windows-x86_64 0.1.1 37.00 107.00 144.00 OK

Check Details

Version: 0.1.1
Check: installed package size
Result: NOTE installed size is 5.8Mb sub-directories of 1Mb or more: doc 1.1Mb libs 4.5Mb Flavors: r-release-macos-arm64, r-release-macos-x86_64, r-oldrel-macos-arm64