CRAN Package Check Results for Package gigg

Last updated on 2024-02-22 08:54:09 CET.

Flavor Version Tinstall Tcheck Ttotal Status Flags
r-devel-linux-x86_64-debian-clang 0.2.1 NOTE
r-devel-linux-x86_64-debian-gcc 0.2.1 37.19 23.42 60.61 NOTE
r-devel-linux-x86_64-fedora-clang 0.2.1 106.16 OK
r-devel-linux-x86_64-fedora-gcc 0.2.1 111.49 OK
r-devel-windows-x86_64 0.2.1 35.00 72.00 107.00 OK
r-patched-linux-x86_64 0.2.1 49.34 29.27 78.61 OK
r-release-linux-x86_64 0.2.1 46.73 29.83 76.56 OK
r-release-macos-arm64 0.2.1 35.00 OK
r-release-macos-x86_64 0.2.1 53.00 OK
r-release-windows-x86_64 0.2.1 48.00 72.00 120.00 OK
r-oldrel-macos-arm64 0.2.1 31.00 OK
r-oldrel-windows-x86_64 0.2.1 46.00 73.00 119.00 OK

Check Details

Version: 0.2.1
Check: Rd files
Result: NOTE checkRd: (-1) gigg.Rd:70-77: Lost braces in \itemize; \value handles \item{}{} directly checkRd: (-1) gigg.Rd:78: Lost braces in \itemize; \value handles \item{}{} directly checkRd: (-1) gigg.Rd:79: Lost braces in \itemize; \value handles \item{}{} directly checkRd: (-1) gigg.Rd:80: Lost braces in \itemize; \value handles \item{}{} directly checkRd: (-1) gigg.Rd:81: Lost braces in \itemize; \value handles \item{}{} directly checkRd: (-1) gigg.Rd:82: Lost braces in \itemize; \value handles \item{}{} directly checkRd: (-1) gigg.Rd:83: Lost braces in \itemize; \value handles \item{}{} directly checkRd: (-1) gigg.Rd:84: Lost braces in \itemize; \value handles \item{}{} directly checkRd: (-1) gigg.Rd:85: Lost braces in \itemize; \value handles \item{}{} directly checkRd: (-1) gigg.Rd:86: Lost braces in \itemize; \value handles \item{}{} directly Flavors: r-devel-linux-x86_64-debian-clang, r-devel-linux-x86_64-debian-gcc