Last updated on 2024-05-04 08:51:17 CEST.
Flavor | Version | Tinstall | Tcheck | Ttotal | Status | Flags |
---|---|---|---|---|---|---|
r-devel-linux-x86_64-debian-clang | 0.83.0 | 76.85 | 37.54 | 114.39 | NOTE | |
r-devel-linux-x86_64-debian-gcc | 0.83.0 | 54.98 | 37.03 | 92.01 | OK | |
r-devel-linux-x86_64-fedora-clang | 0.83.0 | 244.36 | OK | |||
r-devel-linux-x86_64-fedora-gcc | 0.83.0 | 173.08 | OK | |||
r-devel-windows-x86_64 | 0.83.0 | 77.00 | 76.00 | 153.00 | OK | |
r-patched-linux-x86_64 | 0.83.0 | 72.90 | 46.92 | 119.82 | OK | |
r-release-linux-x86_64 | 0.83.0 | 65.62 | 47.36 | 112.98 | OK | |
r-release-macos-arm64 | 0.83.0 | 39.00 | NOTE | |||
r-release-windows-x86_64 | 0.83.0 | 69.00 | 74.00 | 143.00 | OK | |
r-oldrel-macos-arm64 | 0.83.0 | 40.00 | NOTE | |||
r-oldrel-macos-x86_64 | 0.83.0 | 67.00 | NOTE | |||
r-oldrel-windows-x86_64 | 0.83.0 | 83.00 | 84.00 | 167.00 | NOTE |
Version: 0.83.0
Check: package dependencies
Result: NOTE
Packages suggested but not available for checking:
'rtracklayer', 'GenomicRanges', 'BSgenome',
'BSgenome.Hsapiens.UCSC.hg18.masked',
'BSgenome.Hsapiens.UCSC.hg19.masked'
Flavor: r-devel-linux-x86_64-debian-clang
Version: 0.83.0
Check: package dependencies
Result: NOTE
Packages suggested but not available for checking:
'BSgenome.Hsapiens.UCSC.hg18.masked',
'BSgenome.Hsapiens.UCSC.hg19.masked'
Flavors: r-release-macos-arm64, r-oldrel-macos-arm64, r-oldrel-macos-x86_64, r-oldrel-windows-x86_64