Last updated on 2024-08-31 17:48:57 CEST.
Flavor | Version | Tinstall | Tcheck | Ttotal | Status | Flags |
---|---|---|---|---|---|---|
r-devel-linux-x86_64-debian-clang | 0.83.0 | 48.75 | 38.44 | 87.19 | OK | |
r-devel-linux-x86_64-debian-gcc | 0.83.0 | 30.83 | 28.75 | 59.58 | OK | |
r-devel-linux-x86_64-fedora-clang | 0.83.0 | 200.72 | OK | |||
r-devel-linux-x86_64-fedora-gcc | 0.83.0 | 156.29 | OK | |||
r-devel-windows-x86_64 | 0.83.0 | 65.00 | 79.00 | 144.00 | OK | |
r-patched-linux-x86_64 | 0.83.0 | 44.19 | 36.39 | 80.58 | OK | |
r-release-linux-x86_64 | 0.83.0 | 46.18 | 36.35 | 82.53 | OK | |
r-release-macos-arm64 | 0.83.0 | 39.00 | NOTE | |||
r-release-macos-x86_64 | 0.83.0 | 50.00 | NOTE | |||
r-release-windows-x86_64 | 0.83.0 | 72.00 | 82.00 | 154.00 | OK | |
r-oldrel-macos-arm64 | 0.83.0 | 40.00 | NOTE | |||
r-oldrel-macos-x86_64 | 0.83.0 | 67.00 | NOTE | |||
r-oldrel-windows-x86_64 | 0.83.0 | 76.00 | 88.00 | 164.00 | NOTE |
Version: 0.83.0
Check: package dependencies
Result: NOTE
Packages suggested but not available for checking:
'BSgenome.Hsapiens.UCSC.hg18.masked',
'BSgenome.Hsapiens.UCSC.hg19.masked'
Flavors: r-release-macos-arm64, r-release-macos-x86_64, r-oldrel-macos-arm64, r-oldrel-macos-x86_64, r-oldrel-windows-x86_64