CRAN Package Check Results for Package glancedata

Last updated on 2024-03-01 16:49:21 CET.

Flavor Version Tinstall Tcheck Ttotal Status Flags
r-devel-linux-x86_64-debian-clang 1.0.1 7.34 81.50 88.84 ERROR
r-devel-linux-x86_64-debian-gcc 1.0.1 4.72 60.77 65.49 ERROR
r-devel-linux-x86_64-fedora-clang 1.0.1 107.37 ERROR
r-devel-linux-x86_64-fedora-gcc 1.0.1 126.07 ERROR
r-devel-windows-x86_64 1.0.1 8.00 79.00 87.00 NOTE
r-patched-linux-x86_64 1.0.1 6.49 76.25 82.74 ERROR
r-release-linux-x86_64 1.0.1 6.50 77.41 83.91 ERROR
r-release-macos-arm64 1.0.1 38.00 NOTE
r-release-macos-x86_64 1.0.1 63.00 NOTE
r-release-windows-x86_64 1.0.1 9.00 92.00 101.00 ERROR
r-oldrel-macos-arm64 1.0.1 37.00 NOTE
r-oldrel-windows-x86_64 1.0.1 9.00 101.00 110.00 ERROR

Check Details

Version: 1.0.1
Check: LazyData
Result: NOTE 'LazyData' is specified without a 'data' directory Flavors: r-devel-linux-x86_64-debian-clang, r-devel-linux-x86_64-debian-gcc, r-devel-linux-x86_64-fedora-clang, r-devel-linux-x86_64-fedora-gcc, r-devel-windows-x86_64, r-patched-linux-x86_64, r-release-linux-x86_64, r-release-macos-arm64, r-release-macos-x86_64, r-release-windows-x86_64, r-oldrel-macos-arm64, r-oldrel-windows-x86_64

Version: 1.0.1
Check: tests
Result: ERROR Running ‘spelling.R’ [0s/1s] Running ‘testthat.R’ [8s/9s] Running the tests in ‘tests/testthat.R’ failed. Complete output: > library(testthat) > library(glancedata) > > test_check("glancedata") [ FAIL 5 | WARN 4 | SKIP 0 | PASS 13 ] ══ Failed tests ════════════════════════════════════════════════════════════════ ── Failure ('test-plot_numerical_vars.R:7:3'): histogram mode is a list of length 9 ── mymode == "list" & mylength == 9 is not TRUE `actual`: FALSE `expected`: TRUE ── Failure ('test-plot_numerical_vars.R:14:3'): density is a list of length 9 ── mymode == "list" & mylength == 9 is not TRUE `actual`: FALSE `expected`: TRUE ── Failure ('test-plot_numerical_vars.R:22:3'): boxplot is a list of length 9 ── mymode == "list" & mylength == 9 is not TRUE `actual`: FALSE `expected`: TRUE ── Failure ('test-plot_numerical_vars.R:30:3'): violin is a list of length 9 ─── mymode == "list" & mylength == 9 is not TRUE `actual`: FALSE `expected`: TRUE ── Failure ('test-plot_numerical_vars.R:37:3'): qqplot is a list of length 9 ─── mymode == "list" & mylength == 9 is not TRUE `actual`: FALSE `expected`: TRUE [ FAIL 5 | WARN 4 | SKIP 0 | PASS 13 ] Error: Test failures Execution halted Flavor: r-devel-linux-x86_64-debian-clang

Version: 1.0.1
Check: tests
Result: ERROR Running ‘spelling.R’ [0s/1s] Running ‘testthat.R’ [5s/8s] Running the tests in ‘tests/testthat.R’ failed. Complete output: > library(testthat) > library(glancedata) > > test_check("glancedata") [ FAIL 5 | WARN 4 | SKIP 0 | PASS 13 ] ══ Failed tests ════════════════════════════════════════════════════════════════ ── Failure ('test-plot_numerical_vars.R:7:3'): histogram mode is a list of length 9 ── mymode == "list" & mylength == 9 is not TRUE `actual`: FALSE `expected`: TRUE ── Failure ('test-plot_numerical_vars.R:14:3'): density is a list of length 9 ── mymode == "list" & mylength == 9 is not TRUE `actual`: FALSE `expected`: TRUE ── Failure ('test-plot_numerical_vars.R:22:3'): boxplot is a list of length 9 ── mymode == "list" & mylength == 9 is not TRUE `actual`: FALSE `expected`: TRUE ── Failure ('test-plot_numerical_vars.R:30:3'): violin is a list of length 9 ─── mymode == "list" & mylength == 9 is not TRUE `actual`: FALSE `expected`: TRUE ── Failure ('test-plot_numerical_vars.R:37:3'): qqplot is a list of length 9 ─── mymode == "list" & mylength == 9 is not TRUE `actual`: FALSE `expected`: TRUE [ FAIL 5 | WARN 4 | SKIP 0 | PASS 13 ] Error: Test failures Execution halted Flavor: r-devel-linux-x86_64-debian-gcc

Version: 1.0.1
Check: tests
Result: ERROR Running ‘spelling.R’ Running ‘testthat.R’ Running the tests in ‘tests/testthat.R’ failed. Complete output: > library(testthat) > library(glancedata) > > test_check("glancedata") [ FAIL 5 | WARN 4 | SKIP 0 | PASS 13 ] ══ Failed tests ════════════════════════════════════════════════════════════════ ── Failure ('test-plot_numerical_vars.R:7:3'): histogram mode is a list of length 9 ── mymode == "list" & mylength == 9 is not TRUE `actual`: FALSE `expected`: TRUE ── Failure ('test-plot_numerical_vars.R:14:3'): density is a list of length 9 ── mymode == "list" & mylength == 9 is not TRUE `actual`: FALSE `expected`: TRUE ── Failure ('test-plot_numerical_vars.R:22:3'): boxplot is a list of length 9 ── mymode == "list" & mylength == 9 is not TRUE `actual`: FALSE `expected`: TRUE ── Failure ('test-plot_numerical_vars.R:30:3'): violin is a list of length 9 ─── mymode == "list" & mylength == 9 is not TRUE `actual`: FALSE `expected`: TRUE ── Failure ('test-plot_numerical_vars.R:37:3'): qqplot is a list of length 9 ─── mymode == "list" & mylength == 9 is not TRUE `actual`: FALSE `expected`: TRUE [ FAIL 5 | WARN 4 | SKIP 0 | PASS 13 ] Error: Test failures Execution halted Flavor: r-devel-linux-x86_64-fedora-clang

Version: 1.0.1
Check: tests
Result: ERROR Running ‘spelling.R’ Running ‘testthat.R’ [9s/34s] Running the tests in ‘tests/testthat.R’ failed. Complete output: > library(testthat) > library(glancedata) > > test_check("glancedata") [ FAIL 5 | WARN 4 | SKIP 0 | PASS 13 ] ══ Failed tests ════════════════════════════════════════════════════════════════ ── Failure ('test-plot_numerical_vars.R:7:3'): histogram mode is a list of length 9 ── mymode == "list" & mylength == 9 is not TRUE `actual`: FALSE `expected`: TRUE ── Failure ('test-plot_numerical_vars.R:14:3'): density is a list of length 9 ── mymode == "list" & mylength == 9 is not TRUE `actual`: FALSE `expected`: TRUE ── Failure ('test-plot_numerical_vars.R:22:3'): boxplot is a list of length 9 ── mymode == "list" & mylength == 9 is not TRUE `actual`: FALSE `expected`: TRUE ── Failure ('test-plot_numerical_vars.R:30:3'): violin is a list of length 9 ─── mymode == "list" & mylength == 9 is not TRUE `actual`: FALSE `expected`: TRUE ── Failure ('test-plot_numerical_vars.R:37:3'): qqplot is a list of length 9 ─── mymode == "list" & mylength == 9 is not TRUE `actual`: FALSE `expected`: TRUE [ FAIL 5 | WARN 4 | SKIP 0 | PASS 13 ] Error: Test failures Execution halted Flavor: r-devel-linux-x86_64-fedora-gcc

Version: 1.0.1
Check: tests
Result: ERROR Running ‘spelling.R’ [0s/0s] Running ‘testthat.R’ [7s/7s] Running the tests in ‘tests/testthat.R’ failed. Complete output: > library(testthat) > library(glancedata) > > test_check("glancedata") [ FAIL 5 | WARN 4 | SKIP 0 | PASS 13 ] ══ Failed tests ════════════════════════════════════════════════════════════════ ── Failure ('test-plot_numerical_vars.R:7:3'): histogram mode is a list of length 9 ── mymode == "list" & mylength == 9 is not TRUE `actual`: FALSE `expected`: TRUE ── Failure ('test-plot_numerical_vars.R:14:3'): density is a list of length 9 ── mymode == "list" & mylength == 9 is not TRUE `actual`: FALSE `expected`: TRUE ── Failure ('test-plot_numerical_vars.R:22:3'): boxplot is a list of length 9 ── mymode == "list" & mylength == 9 is not TRUE `actual`: FALSE `expected`: TRUE ── Failure ('test-plot_numerical_vars.R:30:3'): violin is a list of length 9 ─── mymode == "list" & mylength == 9 is not TRUE `actual`: FALSE `expected`: TRUE ── Failure ('test-plot_numerical_vars.R:37:3'): qqplot is a list of length 9 ─── mymode == "list" & mylength == 9 is not TRUE `actual`: FALSE `expected`: TRUE [ FAIL 5 | WARN 4 | SKIP 0 | PASS 13 ] Error: Test failures Execution halted Flavor: r-patched-linux-x86_64

Version: 1.0.1
Check: tests
Result: ERROR Running ‘spelling.R’ [0s/0s] Running ‘testthat.R’ [7s/9s] Running the tests in ‘tests/testthat.R’ failed. Complete output: > library(testthat) > library(glancedata) > > test_check("glancedata") [ FAIL 5 | WARN 4 | SKIP 0 | PASS 13 ] ══ Failed tests ════════════════════════════════════════════════════════════════ ── Failure ('test-plot_numerical_vars.R:7:3'): histogram mode is a list of length 9 ── mymode == "list" & mylength == 9 is not TRUE `actual`: FALSE `expected`: TRUE ── Failure ('test-plot_numerical_vars.R:14:3'): density is a list of length 9 ── mymode == "list" & mylength == 9 is not TRUE `actual`: FALSE `expected`: TRUE ── Failure ('test-plot_numerical_vars.R:22:3'): boxplot is a list of length 9 ── mymode == "list" & mylength == 9 is not TRUE `actual`: FALSE `expected`: TRUE ── Failure ('test-plot_numerical_vars.R:30:3'): violin is a list of length 9 ─── mymode == "list" & mylength == 9 is not TRUE `actual`: FALSE `expected`: TRUE ── Failure ('test-plot_numerical_vars.R:37:3'): qqplot is a list of length 9 ─── mymode == "list" & mylength == 9 is not TRUE `actual`: FALSE `expected`: TRUE [ FAIL 5 | WARN 4 | SKIP 0 | PASS 13 ] Error: Test failures Execution halted Flavor: r-release-linux-x86_64

Version: 1.0.1
Check: tests
Result: ERROR Running 'spelling.R' [0s] Running 'testthat.R' [7s] Running the tests in 'tests/testthat.R' failed. Complete output: > library(testthat) > library(glancedata) > > test_check("glancedata") [ FAIL 5 | WARN 4 | SKIP 0 | PASS 13 ] ══ Failed tests ════════════════════════════════════════════════════════════════ ── Failure ('test-plot_numerical_vars.R:7:3'): histogram mode is a list of length 9 ── mymode == "list" & mylength == 9 is not TRUE `actual`: FALSE `expected`: TRUE ── Failure ('test-plot_numerical_vars.R:14:3'): density is a list of length 9 ── mymode == "list" & mylength == 9 is not TRUE `actual`: FALSE `expected`: TRUE ── Failure ('test-plot_numerical_vars.R:22:3'): boxplot is a list of length 9 ── mymode == "list" & mylength == 9 is not TRUE `actual`: FALSE `expected`: TRUE ── Failure ('test-plot_numerical_vars.R:30:3'): violin is a list of length 9 ─── mymode == "list" & mylength == 9 is not TRUE `actual`: FALSE `expected`: TRUE ── Failure ('test-plot_numerical_vars.R:37:3'): qqplot is a list of length 9 ─── mymode == "list" & mylength == 9 is not TRUE `actual`: FALSE `expected`: TRUE [ FAIL 5 | WARN 4 | SKIP 0 | PASS 13 ] Error: Test failures Execution halted Flavors: r-release-windows-x86_64, r-oldrel-windows-x86_64