CRAN Package Check Results for Package glassdoor

Last updated on 2024-03-03 01:00:45 CET.

Flavor Version Tinstall Tcheck Ttotal Status Flags
r-devel-linux-x86_64-debian-clang 0.8.1 2.07 28.11 30.18 NOTE
r-devel-linux-x86_64-debian-gcc 0.8.1 2.02 22.07 24.09 NOTE
r-devel-linux-x86_64-fedora-clang 0.8.1 38.38 NOTE
r-devel-linux-x86_64-fedora-gcc 0.8.1 48.50 NOTE
r-devel-windows-x86_64 0.8.1 3.00 46.00 49.00 NOTE
r-patched-linux-x86_64 0.8.1 6.40 28.28 34.68 NOTE
r-release-linux-x86_64 0.8.1 2.17 27.57 29.74 NOTE
r-release-macos-arm64 0.8.1 27.00 NOTE
r-release-macos-x86_64 0.8.1 34.00 NOTE
r-release-windows-x86_64 0.8.1 4.00 47.00 51.00 NOTE
r-oldrel-macos-arm64 0.8.1 18.00 NOTE
r-oldrel-windows-x86_64 0.8.1 4.00 49.00 53.00 NOTE

Check Details

Version: 0.8.1
Check: LazyData
Result: NOTE 'LazyData' is specified without a 'data' directory Flavors: r-devel-linux-x86_64-debian-clang, r-devel-linux-x86_64-debian-gcc, r-devel-linux-x86_64-fedora-clang, r-devel-linux-x86_64-fedora-gcc, r-devel-windows-x86_64, r-patched-linux-x86_64, r-release-linux-x86_64, r-release-macos-arm64, r-release-macos-x86_64, r-release-windows-x86_64, r-oldrel-macos-arm64, r-oldrel-windows-x86_64