Last updated on 2024-04-27 08:48:28 CEST.
Flavor | Version | Tinstall | Tcheck | Ttotal | Status | Flags |
---|---|---|---|---|---|---|
r-devel-linux-x86_64-debian-clang | 0.1 | 67.24 | 93.81 | 161.05 | OK | |
r-devel-linux-x86_64-debian-gcc | 0.1 | 53.03 | 70.15 | 123.18 | OK | |
r-devel-linux-x86_64-fedora-clang | 0.1 | 206.97 | NOTE | |||
r-devel-linux-x86_64-fedora-gcc | 0.1 | 221.53 | NOTE | |||
r-devel-windows-x86_64 | 0.1 | 52.00 | 101.00 | 153.00 | OK | |
r-patched-linux-x86_64 | 0.1 | 48.55 | 90.72 | 139.27 | OK | |
r-release-linux-x86_64 | 0.1 | 47.48 | 91.63 | 139.11 | OK | |
r-release-macos-arm64 | 0.1 | 53.00 | NOTE | |||
r-release-windows-x86_64 | 0.1 | 47.00 | 101.00 | 148.00 | OK | |
r-oldrel-macos-arm64 | 0.1 | 60.00 | NOTE | |||
r-oldrel-macos-x86_64 | 0.1 | 96.00 | NOTE | |||
r-oldrel-windows-x86_64 | 0.1 | 68.00 | 128.00 | 196.00 | OK |
Version: 0.1
Check: dependencies in R code
Result: NOTE
Namespace in Imports field not imported from: ‘Rcpp’
All declared Imports should be used.
Flavors: r-devel-linux-x86_64-fedora-clang, r-devel-linux-x86_64-fedora-gcc
Version: 0.1
Check: installed package size
Result: NOTE
installed size is 5.4Mb
sub-directories of 1Mb or more:
libs 5.1Mb
Flavors: r-release-macos-arm64, r-oldrel-macos-arm64, r-oldrel-macos-x86_64