CRAN Package Check Results for Package gofastr

Last updated on 2024-02-22 16:49:17 CET.

Flavor Version Tinstall Tcheck Ttotal Status Flags
r-devel-linux-x86_64-debian-clang 0.3.0 NOTE
r-devel-linux-x86_64-debian-gcc 0.3.0 2.88 54.51 57.39 NOTE
r-devel-linux-x86_64-fedora-clang 0.3.0 95.90 OK
r-devel-linux-x86_64-fedora-gcc 0.3.0 91.99 OK
r-devel-windows-x86_64 0.3.0 4.00 72.00 76.00 OK
r-patched-linux-x86_64 0.3.0 2.43 71.42 73.85 OK
r-release-linux-x86_64 0.3.0 3.69 68.74 72.43 OK
r-release-macos-arm64 0.3.0 36.00 OK
r-release-macos-x86_64 0.3.0 47.00 OK
r-release-windows-x86_64 0.3.0 6.00 81.00 87.00 OK
r-oldrel-macos-arm64 0.3.0 24.00 OK
r-oldrel-windows-x86_64 0.3.0 6.00 78.00 84.00 OK

Check Details

Version: 0.3.0
Check: Rd files
Result: NOTE checkRd: (-1) filter_tf_idf.Rd:43: Lost braces 43 | Bettina Gr\"{u}n, Kurt Hornik, and Tyler Rinker <tyler.rinker@gmail.com>. | ^ Flavors: r-devel-linux-x86_64-debian-clang, r-devel-linux-x86_64-debian-gcc