CRAN Package Check Results for Package goldfish

Last updated on 2024-03-03 01:00:45 CET.

Flavor Version Tinstall Tcheck Ttotal Status Flags
r-devel-linux-x86_64-debian-clang 1.6.4 244.16 148.25 392.41 NOTE
r-devel-linux-x86_64-debian-gcc 1.6.4 187.74 109.50 297.24 NOTE
r-devel-linux-x86_64-fedora-clang 1.6.4 586.45 NOTE
r-devel-linux-x86_64-fedora-gcc 1.6.4 565.99 NOTE
r-devel-windows-x86_64 1.6.4 177.00 138.00 315.00 NOTE
r-patched-linux-x86_64 1.6.4 246.95 144.40 391.35 NOTE
r-release-linux-x86_64 1.6.4 233.13 143.90 377.03 NOTE
r-release-macos-arm64 1.6.4 137.00 NOTE
r-release-macos-x86_64 1.6.4 233.00 NOTE
r-release-windows-x86_64 1.6.4 232.00 180.00 412.00 NOTE
r-oldrel-macos-arm64 1.6.4 100.00 NOTE
r-oldrel-windows-x86_64 1.6.4 220.00 158.00 378.00 OK

Check Details

Version: 1.6.4
Check: C++ specification
Result: NOTE Specified C++11: please drop specification unless essential Flavors: r-devel-linux-x86_64-debian-clang, r-devel-linux-x86_64-debian-gcc, r-devel-linux-x86_64-fedora-clang, r-devel-linux-x86_64-fedora-gcc, r-devel-windows-x86_64, r-patched-linux-x86_64, r-release-linux-x86_64, r-release-macos-arm64, r-release-macos-x86_64, r-release-windows-x86_64

Version: 1.6.4
Check: installed package size
Result: NOTE installed size is 7.3Mb sub-directories of 1Mb or more: libs 5.9Mb Flavors: r-release-macos-arm64, r-release-macos-x86_64, r-oldrel-macos-arm64