CRAN Package Check Results for Package googleway

Last updated on 2024-02-28 08:54:29 CET.

Flavor Version Tinstall Tcheck Ttotal Status Flags
r-devel-linux-x86_64-debian-clang 2.7.8 9.90 88.28 98.18 NOTE
r-devel-linux-x86_64-debian-gcc 2.7.8 7.03 66.71 73.74 NOTE
r-devel-linux-x86_64-fedora-clang 2.7.8 118.24 NOTE
r-devel-linux-x86_64-fedora-gcc 2.7.8 131.68 NOTE
r-devel-windows-x86_64 2.7.8 10.00 96.00 106.00 OK
r-patched-linux-x86_64 2.7.8 6.88 86.04 92.92 OK
r-release-linux-x86_64 2.7.8 8.72 86.36 95.08 OK
r-release-macos-arm64 2.7.8 54.00 OK
r-release-macos-x86_64 2.7.8 96.00 OK
r-release-windows-x86_64 2.7.8 13.00 110.00 123.00 OK
r-oldrel-macos-arm64 2.7.8 49.00 OK
r-oldrel-windows-x86_64 2.7.8 15.00 106.00 121.00 OK

Check Details

Version: 2.7.8
Check: Rd files
Result: NOTE checkRd: (-1) google_find_place.Rd:67: Lost braces in \itemize; meant \describe ? checkRd: (-1) google_find_place.Rd:68: Lost braces in \itemize; meant \describe ? checkRd: (-1) google_find_place.Rd:69: Lost braces in \itemize; meant \describe ? checkRd: (-1) google_map.Rd:54: Lost braces; missing escapes or markup? 54 | of `{sf}` objects).} | ^ Flavors: r-devel-linux-x86_64-debian-clang, r-devel-linux-x86_64-debian-gcc, r-devel-linux-x86_64-fedora-clang, r-devel-linux-x86_64-fedora-gcc