CRAN Package Check Results for Package grabsampling

Last updated on 2024-02-24 08:49:38 CET.

Flavor Version Tinstall Tcheck Ttotal Status Flags
r-devel-linux-x86_64-debian-clang 1.0.0 3.60 35.15 38.75 NOTE
r-devel-linux-x86_64-debian-gcc 1.0.0 2.87 27.00 29.87 NOTE
r-devel-linux-x86_64-fedora-clang 1.0.0 47.63 NOTE
r-devel-linux-x86_64-fedora-gcc 1.0.0 47.89 NOTE
r-devel-windows-x86_64 1.0.0 4.00 49.00 53.00 NOTE
r-patched-linux-x86_64 1.0.0 2.28 34.25 36.53 NOTE
r-release-linux-x86_64 1.0.0 2.10 34.20 36.30 NOTE
r-release-macos-arm64 1.0.0 21.00 NOTE
r-release-macos-x86_64 1.0.0 28.00 NOTE
r-release-windows-x86_64 1.0.0 5.00 50.00 55.00 NOTE
r-oldrel-macos-arm64 1.0.0 18.00 NOTE
r-oldrel-windows-x86_64 1.0.0 5.00 55.00 60.00 NOTE

Check Details

Version: 1.0.0
Check: LazyData
Result: NOTE 'LazyData' is specified without a 'data' directory Flavors: r-devel-linux-x86_64-debian-clang, r-devel-linux-x86_64-debian-gcc, r-devel-linux-x86_64-fedora-clang, r-devel-linux-x86_64-fedora-gcc, r-devel-windows-x86_64, r-patched-linux-x86_64, r-release-linux-x86_64, r-release-macos-arm64, r-release-macos-x86_64, r-release-windows-x86_64, r-oldrel-macos-arm64, r-oldrel-windows-x86_64