CRAN Package Check Results for Package grandR

Last updated on 2024-03-01 00:55:20 CET.

Flavor Version Tinstall Tcheck Ttotal Status Flags
r-devel-linux-x86_64-debian-clang 0.2.5 18.97 202.05 221.02 NOTE
r-devel-linux-x86_64-debian-gcc 0.2.5 17.54 148.17 165.71 NOTE
r-devel-linux-x86_64-fedora-clang 0.2.5 273.80 NOTE
r-devel-linux-x86_64-fedora-gcc 0.2.5 276.84 NOTE
r-devel-windows-x86_64 0.2.5 21.00 170.00 191.00 OK
r-patched-linux-x86_64 0.2.5 21.80 194.15 215.95 NOTE
r-release-linux-x86_64 0.2.5 14.84 191.14 205.98 NOTE
r-release-macos-arm64 0.2.5 90.00 NOTE
r-release-macos-x86_64 0.2.5 158.00 NOTE
r-release-windows-x86_64 0.2.5 28.00 214.00 242.00 OK
r-oldrel-macos-arm64 0.2.5 82.00 NOTE
r-oldrel-windows-x86_64 0.2.5 27.00 189.00 216.00 OK

Check Details

Version: 0.2.5
Check: package dependencies
Result: NOTE Packages suggested but not available for checking: 'clusterProfiler', 'monocle' Flavors: r-devel-linux-x86_64-debian-clang, r-release-linux-x86_64

Version: 0.2.5
Check: Rd cross-references
Result: NOTE Packages unavailable to check Rd xrefs: ‘clusterProfiler’, ‘monocle’ Flavors: r-devel-linux-x86_64-debian-clang, r-release-linux-x86_64

Version: 0.2.5
Check: package dependencies
Result: NOTE Package suggested but not available for checking: ‘monocle’ Flavors: r-devel-linux-x86_64-debian-gcc, r-devel-linux-x86_64-fedora-clang, r-devel-linux-x86_64-fedora-gcc, r-patched-linux-x86_64, r-release-macos-arm64, r-release-macos-x86_64, r-oldrel-macos-arm64

Version: 0.2.5
Check: Rd cross-references
Result: NOTE Package unavailable to check Rd xrefs: ‘monocle’ Flavors: r-devel-linux-x86_64-debian-gcc, r-devel-linux-x86_64-fedora-clang, r-devel-linux-x86_64-fedora-gcc, r-patched-linux-x86_64, r-release-macos-arm64, r-release-macos-x86_64, r-oldrel-macos-arm64