CRAN Package Check Results for Package gridBase

Last updated on 2023-12-08 00:51:56 CET.

Flavor Version Tinstall Tcheck Ttotal Status Flags
r-devel-linux-x86_64-debian-clang 0.4-7 2.46 28.15 30.61 NOTE
r-devel-linux-x86_64-debian-gcc 0.4-7 1.85 21.99 23.84 NOTE
r-devel-linux-x86_64-fedora-clang 0.4-7 38.86 NOTE
r-devel-linux-x86_64-fedora-gcc 0.4-7 48.24 NOTE
r-devel-windows-x86_64 0.4-7 3.00 59.00 62.00 NOTE
r-patched-linux-x86_64 0.4-7 2.56 27.78 30.34 NOTE
r-release-linux-x86_64 0.4-7 2.43 27.52 29.95 NOTE
r-release-macos-arm64 0.4-7 24.00 NOTE
r-release-macos-x86_64 0.4-7 33.00 NOTE
r-release-windows-x86_64 0.4-7 4.00 53.00 57.00 NOTE
r-oldrel-macos-arm64 0.4-7 19.00 NOTE
r-oldrel-macos-x86_64 0.4-7 26.00 NOTE
r-oldrel-windows-x86_64 0.4-7 3.00 57.00 60.00 NOTE

Check Details

Version: 0.4-7
Check: DESCRIPTION meta-information
Result: NOTE Malformed Description field: should contain one or more complete sentences. Flavors: r-devel-linux-x86_64-debian-clang, r-devel-linux-x86_64-debian-gcc, r-devel-linux-x86_64-fedora-clang, r-devel-linux-x86_64-fedora-gcc, r-devel-windows-x86_64, r-patched-linux-x86_64, r-release-linux-x86_64, r-release-macos-arm64, r-release-macos-x86_64, r-release-windows-x86_64, r-oldrel-macos-arm64, r-oldrel-macos-x86_64, r-oldrel-windows-x86_64