CRAN Package Check Results for Package gridOT

Last updated on 2024-03-02 00:53:27 CET.

Flavor Version Tinstall Tcheck Ttotal Status Flags
r-devel-linux-x86_64-debian-clang 1.0.1 95.74 31.15 126.89 NOTE
r-devel-linux-x86_64-debian-gcc 1.0.1 70.29 23.87 94.16 NOTE
r-devel-linux-x86_64-fedora-clang 1.0.1 193.55 NOTE
r-devel-linux-x86_64-fedora-gcc 1.0.1 178.57 NOTE
r-devel-windows-x86_64 1.0.1 69.00 73.00 142.00 NOTE
r-patched-linux-x86_64 1.0.1 82.09 30.48 112.57 NOTE
r-release-linux-x86_64 1.0.1 92.37 30.73 123.10 NOTE
r-release-macos-arm64 1.0.1 41.00 NOTE
r-release-macos-x86_64 1.0.1 72.00 NOTE
r-release-windows-x86_64 1.0.1 70.00 80.00 150.00 NOTE
r-oldrel-macos-arm64 1.0.1 40.00 OK
r-oldrel-windows-x86_64 1.0.1 89.00 118.00 207.00 OK

Check Details

Version: 1.0.1
Check: C++ specification
Result: NOTE Specified C++11: please drop specification unless essential Flavors: r-devel-linux-x86_64-debian-clang, r-devel-linux-x86_64-debian-gcc, r-devel-linux-x86_64-fedora-clang, r-devel-linux-x86_64-fedora-gcc, r-devel-windows-x86_64, r-patched-linux-x86_64, r-release-linux-x86_64, r-release-macos-arm64, r-release-macos-x86_64, r-release-windows-x86_64