CRAN Package Check Results for Package gridsampler

Last updated on 2024-02-23 16:53:19 CET.

Flavor Version Tinstall Tcheck Ttotal Status Flags
r-devel-linux-x86_64-debian-clang 0.6 OK
r-devel-linux-x86_64-debian-gcc 0.6 5.30 81.74 87.04 OK
r-devel-linux-x86_64-fedora-clang 0.6 144.80 NOTE
r-devel-linux-x86_64-fedora-gcc 0.6 152.78 NOTE
r-devel-windows-x86_64 0.6 7.00 106.00 113.00 OK
r-patched-linux-x86_64 0.6 5.21 112.98 118.19 OK
r-release-linux-x86_64 0.6 4.23 113.03 117.26 OK
r-release-macos-arm64 0.6 52.00 OK
r-release-macos-x86_64 0.6 84.00 OK
r-release-windows-x86_64 0.6 10.00 124.00 134.00 OK
r-oldrel-macos-arm64 0.6 43.00 NOTE
r-oldrel-windows-x86_64 0.6 10.00 129.00 139.00 OK

Check Details

Version: 0.6
Check: dependencies in R code
Result: NOTE Namespace in Imports field not imported from: ‘BiasedUrn’ All declared Imports should be used. Flavors: r-devel-linux-x86_64-fedora-clang, r-devel-linux-x86_64-fedora-gcc, r-oldrel-macos-arm64