Last updated on 2024-05-21 00:57:12 CEST.
Flavor | Version | Tinstall | Tcheck | Ttotal | Status | Flags |
---|---|---|---|---|---|---|
r-devel-linux-x86_64-debian-clang | 0.1.0 | 6.86 | 120.19 | 127.05 | OK | |
r-devel-linux-x86_64-debian-gcc | 0.1.0 | 4.57 | 83.23 | 87.80 | OK | |
r-devel-linux-x86_64-fedora-clang | 0.1.0 | 150.42 | NOTE | |||
r-devel-linux-x86_64-fedora-gcc | 0.1.0 | 142.79 | NOTE | |||
r-devel-windows-x86_64 | 0.1.0 | 6.00 | 95.00 | 101.00 | OK | |
r-patched-linux-x86_64 | 0.1.0 | 3.92 | 114.22 | 118.14 | OK | |
r-release-linux-x86_64 | 0.1.0 | 3.86 | 110.89 | 114.75 | OK | |
r-release-macos-arm64 | 0.1.0 | 38.00 | OK | |||
r-release-macos-x86_64 | 0.1.0 | 97.00 | OK | |||
r-release-windows-x86_64 | 0.1.0 | 8.00 | 102.00 | 110.00 | OK | |
r-oldrel-macos-arm64 | 0.1.0 | 45.00 | OK | |||
r-oldrel-macos-x86_64 | 0.1.0 | 97.00 | OK | |||
r-oldrel-windows-x86_64 | 0.1.0 | 8.00 | 128.00 | 136.00 | OK |
Version: 0.1.0
Check: dependencies in R code
Result: NOTE
Namespaces in Imports field not imported from:
‘ggplot2’ ‘gridExtra’ ‘methods’ ‘tidyr’
All declared Imports should be used.
Flavors: r-devel-linux-x86_64-fedora-clang, r-devel-linux-x86_64-fedora-gcc