CRAN Package Check Results for Package gsisdecoder

Last updated on 2024-02-24 08:49:38 CET.

Flavor Version Tinstall Tcheck Ttotal Status Flags
r-devel-linux-x86_64-debian-clang 0.0.1 21.19 29.20 50.39 NOTE
r-devel-linux-x86_64-debian-gcc 0.0.1 12.31 23.24 35.55 NOTE
r-devel-linux-x86_64-fedora-clang 0.0.1 69.53 NOTE
r-devel-linux-x86_64-fedora-gcc 0.0.1 62.88 NOTE
r-devel-windows-x86_64 0.0.1 16.00 64.00 80.00 NOTE
r-patched-linux-x86_64 0.0.1 15.99 29.01 45.00 NOTE
r-release-linux-x86_64 0.0.1 17.29 29.33 46.62 NOTE
r-release-macos-arm64 0.0.1 24.00 NOTE
r-release-macos-x86_64 0.0.1 34.00 NOTE
r-release-windows-x86_64 0.0.1 17.00 65.00 82.00 NOTE
r-oldrel-macos-arm64 0.0.1 23.00 NOTE
r-oldrel-windows-x86_64 0.0.1 21.00 68.00 89.00 NOTE

Check Details

Version: 0.0.1
Check: LazyData
Result: NOTE 'LazyData' is specified without a 'data' directory Flavors: r-devel-linux-x86_64-debian-clang, r-devel-linux-x86_64-debian-gcc, r-devel-linux-x86_64-fedora-clang, r-devel-linux-x86_64-fedora-gcc, r-devel-windows-x86_64, r-patched-linux-x86_64, r-release-linux-x86_64, r-release-macos-arm64, r-release-macos-x86_64, r-release-windows-x86_64, r-oldrel-macos-arm64, r-oldrel-windows-x86_64

Version: 0.0.1
Check: Rd cross-references
Result: NOTE Undeclared package ‘nflfastR’ in Rd xrefs Flavor: r-devel-linux-x86_64-fedora-clang