CRAN Package Check Results for Package gwavr

Last updated on 2024-02-21 00:54:30 CET.

Flavor Version Tinstall Tcheck Ttotal Status Flags
r-devel-linux-x86_64-debian-clang 0.2.0 ERROR
r-devel-linux-x86_64-debian-gcc 0.2.0 8.05 60.87 68.92 NOTE
r-devel-linux-x86_64-fedora-clang 0.2.0 1.94 ERROR
r-devel-linux-x86_64-fedora-gcc 0.2.0 111.27 OK
r-devel-windows-x86_64 0.2.0 10.00 75.00 85.00 OK
r-patched-linux-x86_64 0.2.0 6.83 79.04 85.87 OK
r-release-linux-x86_64 0.2.0 6.93 77.08 84.01 OK
r-release-macos-arm64 0.2.0 33.00 OK
r-release-macos-x86_64 0.2.0 53.00 OK
r-release-windows-x86_64 0.2.0 13.00 87.00 100.00 OK
r-oldrel-macos-arm64 0.2.0 34.00 OK
r-oldrel-windows-x86_64 0.2.0 13.00 93.00 106.00 OK

Check Details

Version: 0.2.0
Check: package dependencies
Result: ERROR Package required but not available: ‘nhdplusTools’ See section ‘The DESCRIPTION file’ in the ‘Writing R Extensions’ manual. Flavors: r-devel-linux-x86_64-debian-clang, r-devel-linux-x86_64-fedora-clang

Version: 0.2.0
Check: Rd files
Result: NOTE checkRd: (-1) get_Basin.Rd:19: Lost braces; missing escapes or markup? 19 | looking at {nhdplusTools} as that has a lot of functionality and better documentation. | ^ checkRd: (-1) get_basin_interactively.Rd:35: Lost braces; missing escapes or markup? 35 | shiny app. It uses the {elevatr} package for DEM and {whitebox} package to delineate the watershed. | ^ checkRd: (-1) get_basin_interactively.Rd:35: Lost braces; missing escapes or markup? 35 | shiny app. It uses the {elevatr} package for DEM and {whitebox} package to delineate the watershed. | ^ Flavor: r-devel-linux-x86_64-debian-gcc