CRAN Package Check Results for Package hNMF

Last updated on 2024-02-21 00:54:30 CET.

Flavor Version Tinstall Tcheck Ttotal Status Flags
r-devel-linux-x86_64-debian-clang 1.0 NOTE
r-devel-linux-x86_64-debian-gcc 1.0 8.88 77.31 86.19 NOTE
r-devel-linux-x86_64-fedora-clang 1.0 153.26 NOTE
r-devel-linux-x86_64-fedora-gcc 1.0 144.81 NOTE
r-devel-windows-x86_64 1.0 11.00 87.00 98.00 NOTE
r-patched-linux-x86_64 1.0 10.40 98.65 109.05 NOTE
r-release-linux-x86_64 1.0 9.52 98.20 107.72 NOTE
r-release-macos-arm64 1.0 47.00 NOTE
r-release-macos-x86_64 1.0 67.00 NOTE
r-release-windows-x86_64 1.0 15.00 102.00 117.00 NOTE
r-oldrel-macos-arm64 1.0 41.00 NOTE
r-oldrel-windows-x86_64 1.0 16.00 105.00 121.00 NOTE

Check Details

Version: 1.0
Check: LazyData
Result: NOTE 'LazyData' is specified without a 'data' directory Flavors: r-devel-linux-x86_64-debian-clang, r-devel-linux-x86_64-debian-gcc, r-devel-linux-x86_64-fedora-clang, r-devel-linux-x86_64-fedora-gcc, r-devel-windows-x86_64, r-patched-linux-x86_64, r-release-linux-x86_64, r-release-macos-arm64, r-release-macos-x86_64, r-release-windows-x86_64, r-oldrel-macos-arm64, r-oldrel-windows-x86_64