Last updated on 2024-05-07 16:51:32 CEST.
Flavor | Version | Tinstall | Tcheck | Ttotal | Status | Flags |
---|---|---|---|---|---|---|
r-devel-linux-x86_64-debian-clang | 0.2.2 | 34.41 | 318.37 | 352.78 | OK | |
r-devel-linux-x86_64-debian-gcc | 0.2.2 | 22.59 | 221.59 | 244.18 | OK | |
r-devel-linux-x86_64-fedora-clang | 0.3.0 | 404.59 | NOTE | |||
r-devel-linux-x86_64-fedora-gcc | 0.3.0 | 412.17 | NOTE | |||
r-devel-windows-x86_64 | 0.2.2 | 23.00 | 191.00 | 214.00 | OK | |
r-patched-linux-x86_64 | 0.2.2 | 29.57 | 295.16 | 324.73 | OK | |
r-release-linux-x86_64 | 0.2.2 | 28.51 | 295.08 | 323.59 | OK | |
r-release-macos-arm64 | 0.2.2 | 104.00 | OK | |||
r-release-macos-x86_64 | 0.3.0 | 348.00 | OK | |||
r-release-windows-x86_64 | 0.2.2 | 24.00 | 189.00 | 213.00 | OK | |
r-oldrel-macos-arm64 | 0.2.2 | 104.00 | OK | |||
r-oldrel-macos-x86_64 | 0.3.0 | 295.00 | OK | |||
r-oldrel-windows-x86_64 | 0.2.2 | 32.00 | 253.00 | 285.00 | OK |
Version: 0.3.0
Check: data for non-ASCII characters
Result: NOTE
Note: found 7592 marked UTF-8 strings
Flavors: r-devel-linux-x86_64-fedora-clang, r-devel-linux-x86_64-fedora-gcc