Last updated on 2023-12-05 08:55:27 CET.
Flavor | Version | Tinstall | Tcheck | Ttotal | Status | Flags |
---|---|---|---|---|---|---|
r-devel-linux-x86_64-debian-clang | 2.5.4 | 40.79 | 72.85 | 113.64 | NOTE | |
r-devel-linux-x86_64-debian-gcc | 2.5.4 | 31.41 | 54.14 | 85.55 | NOTE | |
r-devel-linux-x86_64-fedora-clang | 2.5.4 | 141.32 | NOTE | |||
r-devel-linux-x86_64-fedora-gcc | 2.5.4 | 155.22 | NOTE | |||
r-devel-windows-x86_64 | 2.5.4 | 57.00 | 98.00 | 155.00 | NOTE | |
r-patched-linux-x86_64 | 2.5.3 | 26.43 | 69.30 | 95.73 | NOTE | |
r-release-linux-x86_64 | 2.5.4 | 25.51 | 68.10 | 93.61 | NOTE | |
r-release-macos-arm64 | 2.5.4 | 56.00 | NOTE | |||
r-release-macos-x86_64 | 2.5.4 | 100.00 | NOTE | |||
r-release-windows-x86_64 | 2.5.4 | 54.00 | 117.00 | 171.00 | NOTE | |
r-oldrel-macos-arm64 | 2.5.4 | 47.00 | NOTE | |||
r-oldrel-macos-x86_64 | 2.5.3 | 66.00 | NOTE | |||
r-oldrel-windows-x86_64 | 2.5.4 | 44.00 | 108.00 | 152.00 | NOTE |
Version: 2.5.4
Check: for GNU extensions in Makefiles
Result: NOTE
GNU make is a SystemRequirements.
Flavors: r-devel-linux-x86_64-debian-clang, r-devel-linux-x86_64-debian-gcc, r-devel-linux-x86_64-fedora-clang, r-devel-linux-x86_64-fedora-gcc, r-devel-windows-x86_64, r-release-linux-x86_64, r-release-macos-arm64, r-release-macos-x86_64, r-release-windows-x86_64, r-oldrel-macos-arm64, r-oldrel-windows-x86_64
Version: 2.5.4
Check: Rd cross-references
Result: NOTE
Undeclared package ‘dplyr’ in Rd xrefs
Flavor: r-devel-linux-x86_64-fedora-clang
Version: 2.5.3
Check: for GNU extensions in Makefiles
Result: NOTE
GNU make is a SystemRequirements.
Flavors: r-patched-linux-x86_64, r-oldrel-macos-x86_64