Last updated on 2024-04-27 08:48:28 CEST.
Flavor | Version | Tinstall | Tcheck | Ttotal | Status | Flags |
---|---|---|---|---|---|---|
r-devel-linux-x86_64-debian-clang | 0.6.0 | 4.80 | 52.34 | 57.14 | OK | |
r-devel-linux-x86_64-debian-gcc | 0.6.0 | 2.76 | 38.66 | 41.42 | OK | |
r-devel-linux-x86_64-fedora-clang | 0.6.0 | 71.76 | NOTE | |||
r-devel-linux-x86_64-fedora-gcc | 0.6.0 | 82.04 | OK | |||
r-devel-windows-x86_64 | 0.6.0 | 5.00 | 69.00 | 74.00 | NOTE | |
r-patched-linux-x86_64 | 0.6.0 | 5.50 | 48.83 | 54.33 | OK | |
r-release-linux-x86_64 | 0.6.0 | 3.81 | 48.71 | 52.52 | OK | |
r-release-macos-arm64 | 0.6.0 | 33.00 | NOTE | |||
r-release-macos-x86_64 | 0.6.0 | 101.00 | NOTE | |||
r-release-windows-x86_64 | 0.6.0 | 5.00 | 68.00 | 73.00 | NOTE | |
r-oldrel-macos-arm64 | 0.6.0 | 41.00 | NOTE | |||
r-oldrel-macos-x86_64 | 0.6.0 | 80.00 | NOTE | |||
r-oldrel-windows-x86_64 | 0.6.0 | 7.00 | 73.00 | 80.00 | NOTE |
Version: 0.6.0
Check: installed package size
Result: NOTE
installed size is 5.2Mb
sub-directories of 1Mb or more:
doc 4.8Mb
Flavors: r-devel-linux-x86_64-fedora-clang, r-devel-windows-x86_64, r-release-macos-arm64, r-release-macos-x86_64, r-release-windows-x86_64, r-oldrel-macos-arm64, r-oldrel-macos-x86_64, r-oldrel-windows-x86_64