CRAN Package Check Results for Package hdbm

Last updated on 2024-02-29 00:55:42 CET.

Flavor Version Tinstall Tcheck Ttotal Status Flags
r-devel-linux-x86_64-debian-clang 0.9.0 32.09 44.47 76.56 NOTE
r-devel-linux-x86_64-debian-gcc 0.9.0 26.16 34.50 60.66 NOTE
r-devel-linux-x86_64-fedora-clang 0.9.0 112.06 NOTE
r-devel-linux-x86_64-fedora-gcc 0.9.0 126.74 NOTE
r-devel-windows-x86_64 0.9.0 27.00 76.00 103.00 NOTE
r-patched-linux-x86_64 0.9.0 32.43 43.50 75.93 NOTE
r-release-linux-x86_64 0.9.0 32.30 43.21 75.51 NOTE
r-release-macos-arm64 0.9.0 46.00 NOTE
r-release-macos-x86_64 0.9.0 69.00 NOTE
r-release-windows-x86_64 0.9.0 36.00 82.00 118.00 NOTE
r-oldrel-macos-arm64 0.9.0 41.00 OK
r-oldrel-windows-x86_64 0.9.0 34.00 85.00 119.00 OK

Check Details

Version: 0.9.0
Check: C++ specification
Result: NOTE Specified C++11: please drop specification unless essential Flavors: r-devel-linux-x86_64-debian-clang, r-devel-linux-x86_64-debian-gcc, r-devel-linux-x86_64-fedora-clang, r-devel-linux-x86_64-fedora-gcc, r-devel-windows-x86_64, r-patched-linux-x86_64, r-release-linux-x86_64, r-release-macos-arm64, r-release-macos-x86_64, r-release-windows-x86_64