CRAN Package Check Results for Package heatmaply

Last updated on 2024-02-25 01:01:06 CET.

Flavor Version Tinstall Tcheck Ttotal Status Flags
r-devel-linux-x86_64-debian-clang 1.5.0 9.60 286.06 295.66 NOTE
r-devel-linux-x86_64-debian-gcc 1.5.0 8.18 213.59 221.77 NOTE
r-devel-linux-x86_64-fedora-clang 1.5.0 346.22 NOTE
r-devel-linux-x86_64-fedora-gcc 1.5.0 365.16 OK
r-devel-windows-x86_64 1.5.0 10.00 209.00 219.00 NOTE
r-patched-linux-x86_64 1.5.0 13.30 275.47 288.77 OK
r-release-linux-x86_64 1.5.0 10.24 271.32 281.56 OK
r-release-macos-arm64 1.5.0 104.00 NOTE
r-release-macos-x86_64 1.5.0 222.00 NOTE
r-release-windows-x86_64 1.5.0 12.00 275.00 287.00 NOTE
r-oldrel-macos-arm64 1.5.0 84.00 NOTE
r-oldrel-windows-x86_64 1.5.0 13.00 304.00 317.00 NOTE

Check Details

Version: 1.5.0
Check: Rd files
Result: NOTE checkRd: (-1) heatmaply.Rd:282: Lost braces 282 | row and column dendrograms. The default uses stats{reorder.dendrogram}} | ^ checkRd: (-1) heatmapr.Rd:93: Lost braces 93 | \item{reorderfun}{function(d, w) of dendrogram and weights for reordering the row and column dendrograms. The default uses stats{reorder.dendrogram}} | ^ checkRd: (-1) is.plotly.Rd:16: Lost braces 16 | Helpful for the plot_method in link{heatmaply}. | ^ Flavors: r-devel-linux-x86_64-debian-clang, r-devel-linux-x86_64-debian-gcc

Version: 1.5.0
Check: installed package size
Result: NOTE installed size is 5.5Mb sub-directories of 1Mb or more: doc 5.1Mb Flavors: r-devel-linux-x86_64-fedora-clang, r-devel-windows-x86_64, r-release-macos-arm64, r-release-macos-x86_64, r-release-windows-x86_64, r-oldrel-macos-arm64, r-oldrel-windows-x86_64